/*!40000 ALTER TABLE `old_canvas` ENABLE KEYS */;
UNLOCK TABLES;

--
-- Table structure for table `old_order_sets`
--

DROP TABLE IF EXISTS `old_order_sets`;
/*!40101 SET @saved_cs_client     = @@character_set_client */;
/*!40101 SET character_set_client = utf8 */;
CREATE TABLE `old_order_sets` (
  `id` int(11) NOT NULL AUTO_INCREMENT,
  `unixtime` timestamp NULL DEFAULT CURRENT_TIMESTAMP,
  `name` varchar(255) DEFAULT NULL,
  `address` varchar(255) DEFAULT NULL,
  `email` varchar(255) DEFAULT NULL,
  `phone` varchar(255) DEFAULT NULL,
  `paytype` varchar(255) DEFAULT NULL,
  `gettype` varchar(255) DEFAULT NULL,
  `getprice` int(11) DEFAULT NULL,
  `totalprice` int(11) DEFAULT NULL,
  `message` text,
  PRIMARY KEY (`id`)
) ENGINE=InnoDB DEFAULT CHARSET=utf8;
/*!40101 SET character_set_client = @saved_cs_client */;

--
-- Dumping data for table `old_order_sets`
--

LOCK TABLES `old_order_sets` WRITE;
/*!40000 ALTER TABLE `old_order_sets` DISABLE KEYS */;
/*!40000 ALTER TABLE `old_order_sets` ENABLE KEYS */;
UNLOCK TABLES;

--
-- Table structure for table `old_orders`
--

DROP TABLE IF EXISTS `old_orders`;
/*!40101 SET @saved_cs_client     = @@character_set_client */;
/*!40101 SET character_set_client = utf8 */;
CREATE TABLE `old_orders` (
  `id` int(11) NOT NULL AUTO_INCREMENT,
  `unixtime` timestamp NOT NULL DEFAULT CURRENT_TIMESTAMP,
  `filedir` varchar(255) DEFAULT NULL,
  `name` varchar(255) DEFAULT NULL COMMENT 'toSet',
  `phone` varchar(255) DEFAULT NULL COMMENT 'toSet',
  `message` text COMMENT 'toSet',
  `email` varchar(255) DEFAULT NULL COMMENT 'toSet',
  `paytype` varchar(255) DEFAULT NULL COMMENT 'toSet',
  `gettype` varchar(255) DEFAULT NULL COMMENT 'toSet',
  `address` varchar(255) DEFAULT NULL COMMENT 'toSet',
  `price` int(11) DEFAULT NULL,
  `product_id` int(255) DEFAULT NULL,
  `pages` int(11) DEFAULT NULL,
  `pdfinlist` tinyint(1) DEFAULT '0',
  `pdfready` tinyint(1) DEFAULT '0',
  `options` text,
  `order_set_id` int(11) DEFAULT NULL,
  PRIMARY KEY (`id`)
) ENGINE=InnoDB DEFAULT CHARSET=utf8;
/*!40101 SET character_set_client = @saved_cs_client */;

--
-- Dumping data for table `old_orders`
--

LOCK TABLES `old_orders` WRITE;
/*!40000 ALTER TABLE `old_orders` DISABLE KEYS */;
/*!40000 ALTER TABLE `old_orders` ENABLE KEYS */;
UNLOCK TABLES;

--
-- Table structure for table `old_prices`
--

DROP TABLE IF EXISTS `old_prices`;
/*!40101 SET @saved_cs_client     = @@character_set_client */;
/*!40101 SET character_set_client = utf8 */;
CREATE TABLE `old_prices` (
  `id` int(11) NOT NULL AUTO_INCREMENT,
  `product_id` int(11) DEFAULT NULL,
  `number` int(11) DEFAULT NULL,
  `period` varchar(20) DEFAULT NULL,
  `price1` float DEFAULT NULL,
  `price2` float DEFAULT NULL,
  `price3` float DEFAULT NULL,
  `price4` float DEFAULT NULL,
  `price5` float DEFAULT NULL,
  `price6` float DEFAULT NULL,
  `price7` float DEFAULT NULL,
  `price8` float DEFAULT NULL,
  `price9` float DEFAULT NULL,
  `price10` float DEFAULT NULL,
  `price11` float DEFAULT NULL,
  `price12` float DEFAULT NULL,
  `price13` float DEFAULT NULL,
  `price14` float DEFAULT NULL,
  `price15` float DEFAULT NULL,
  `price16` float DEFAULT NULL,
  `price17` float DEFAULT NULL,
  `price18` float DEFAULT NULL,
  `price19` float DEFAULT NULL,
  `price20` float DEFAULT NULL,
  `price21` float DEFAULT NULL,
  `price22` float DEFAULT NULL,
  `price23` float DEFAULT NULL,
  `price24` float DEFAULT NULL,
  `price25` float DEFAULT NULL,
  `price26` float DEFAULT NULL,
  `price27` float DEFAULT NULL,
  `price28` float DEFAULT NULL,
  `price29` float DEFAULT NULL,
  `price30` float DEFAULT NULL,
  `price31` float DEFAULT NULL,
  `price32` float DEFAULT NULL,
  `price33` float DEFAULT NULL,
  `price34` float DEFAULT NULL,
  `price35` float DEFAULT NULL,
  `price36` float DEFAULT NULL,
  `price37` float DEFAULT NULL,
  `price38` float DEFAULT NULL,
  `price39` float DEFAULT NULL,
  `price40` float DEFAULT NULL,
  `price41` float DEFAULT NULL,
  `price42` float DEFAULT NULL,
  `price43` float DEFAULT NULL,
  `price44` float DEFAULT NULL,
  `price45` float DEFAULT NULL,
  `price46` float DEFAULT NULL,
  `price47` float DEFAULT NULL,
  `price48` float DEFAULT NULL,
  `price49` float DEFAULT NULL,
  `price50` float DEFAULT NULL,
  `price51` float DEFAULT NULL,
  `price52` float DEFAULT NULL,
  `price53` float DEFAULT NULL,
  `price54` float DEFAULT NULL,
  `price55` float DEFAULT NULL,
  `price56` float DEFAULT NULL,
  `price57` float DEFAULT NULL,
  `price58` float DEFAULT NULL,
  `price59` float DEFAULT NULL,
  `price60` float DEFAULT NULL,
  `price61` float DEFAULT NULL,
  `price62` float DEFAULT NULL,
  `price63` float DEFAULT NULL,
  `price64` float DEFAULT NULL,
  `price65` float DEFAULT NULL,
  `price66` float DEFAULT NULL,
  `price67` float DEFAULT NULL,
  `price68` float DEFAULT NULL,
  `price69` float DEFAULT NULL,
  `price70` float DEFAULT NULL,
  `price71` float DEFAULT NULL,
  `price72` float DEFAULT NULL,
  `price73` float DEFAULT NULL,
  `price74` float DEFAULT NULL,
  `price75` float DEFAULT NULL,
  `price76` float DEFAULT NULL,
  `price77` float DEFAULT NULL,
  `price78` float DEFAULT NULL,
  `price79` float DEFAULT NULL,
  `price80` float DEFAULT NULL,
  `price81` float DEFAULT NULL,
  `price82` float DEFAULT NULL,
  `price83` float DEFAULT NULL,
  `price84` float DEFAULT NULL,
  `price85` float DEFAULT NULL,
  `price86` float DEFAULT NULL,
  `price87` float DEFAULT NULL,
  `price88` float DEFAULT NULL,
  `price89` float DEFAULT NULL,
  `price90` float DEFAULT NULL,
  `price91` float DEFAULT NULL,
  `price92` float DEFAULT NULL,
  `price93` float DEFAULT NULL,
  `price94` float DEFAULT NULL,
  `price95` float DEFAULT NULL,
  `price96` float DEFAULT NULL,
  `price97` float DEFAULT NULL,
  `price98` float DEFAULT NULL,
  `price99` float DEFAULT NULL,
  `price100` float DEFAULT NULL,
  PRIMARY KEY (`id`)
) ENGINE=InnoDB AUTO_INCREMENT=557 DEFAULT CHARSET=utf8;
/*!40101 SET character_set_client = @saved_cs_client */;

--
-- Dumping data for table `old_prices`
--

LOCK TABLES `old_prices` WRITE;
/*!40000 ALTER TABLE `old_prices` DISABLE KEYS */;
INSERT INTO `old_prices` VALUES (13,12,10,'2 дня',350,400,400,450,NULL,NULL,NULL,NULL,NULL,NULL,NULL,NULL,NULL,NULL,NULL,NULL,NULL,NULL,NULL,NULL,NULL,NULL,NULL,NULL,NULL,NULL,NULL,NULL,NULL,NULL,NULL,NULL,NULL,NULL,NULL,NULL,NULL,NULL,NULL,NULL,NULL,NULL,NULL,NULL,NULL,NULL,NULL,NULL,NULL,NULL,NULL,NULL,NULL,NULL,NULL,NULL,NULL,NULL,NULL,NULL,NULL,NULL,NULL,NULL,NULL,NULL,NULL,NULL,NULL,NULL,NULL,NULL,NULL,NULL,NULL,NULL,NULL,NULL,NULL,NULL,NULL,NULL,NULL,NULL,NULL,NULL,NULL,NULL,NULL,NULL,NULL,NULL,NULL,NULL,NULL,NULL,NULL,NULL,NULL,NULL),(14,12,100,'2 дня',600,650,700,750,NULL,NULL,NULL,NULL,NULL,NULL,NULL,NULL,NULL,NULL,NULL,NULL,NULL,NULL,NULL,NULL,NULL,NULL,NULL,NULL,NULL,NULL,NULL,NULL,NULL,NULL,NULL,NULL,NULL,NULL,NULL,NULL,NULL,NULL,NULL,NULL,NULL,NULL,NULL,NULL,NULL,NULL,NULL,NULL,NULL,NULL,NULL,NULL,NULL,NULL,NULL,NULL,NULL,NULL,NULL,NULL,NULL,NULL,NULL,NULL,NULL,NULL,NULL,NULL,NULL,NULL,NULL,NULL,NULL,NULL,NULL,NULL,NULL,NULL,NULL,NULL,NULL,NULL,NULL,NULL,NULL,NULL,NULL,NULL,NULL,NULL,NULL,NULL,NULL,NULL,NULL,NULL,NULL,NULL,NULL,NULL),(15,12,200,'2 дня',1160,1250,1360,1450,NULL,NULL,NULL,NULL,NULL,NULL,NULL,NULL,NULL,NULL,NULL,NULL,NULL,NULL,NULL,NULL,NULL,NULL,NULL,NULL,NULL,NULL,NULL,NULL,NULL,NULL,NULL,NULL,NULL,NULL,NULL,NULL,NULL,NULL,NULL,NULL,NULL,NULL,NULL,NULL,NULL,NULL,NULL,NULL,NULL,NULL,NULL,NULL,NULL,NULL,NULL,NULL,NULL,NULL,NULL,NULL,NULL,NULL,NULL,NULL,NULL,NULL,NULL,NULL,NULL,NULL,NULL,NULL,NULL,NULL,NULL,NULL,NULL,NULL,NULL,NULL,NULL,NULL,NULL,NULL,NULL,NULL,NULL,NULL,NULL,NULL,NULL,NULL,NULL,NULL,NULL,NULL,NULL,NULL,NULL,NULL),(16,12,300,'2 дня',1650,1750,1950,2050,NULL,NULL,NULL,NULL,NULL,NULL,NULL,NULL,NULL,NULL,NULL,NULL,NULL,NULL,NULL,NULL,NULL,NULL,NULL,NULL,NULL,NULL,NULL,NULL,NULL,NULL,NULL,NULL,NULL,NULL,NULL,NULL,NULL,NULL,NULL,NULL,NULL,NULL,NULL,NULL,NULL,NULL,NULL,NULL,NULL,NULL,NULL,NULL,NULL,NULL,NULL,NULL,NULL,NULL,NULL,NULL,NULL,NULL,NULL,NULL,NULL,NULL,NULL,NULL,NULL,NULL,NULL,NULL,NULL,NULL,NULL,NULL,NULL,NULL,NULL,NULL,NULL,NULL,NULL,NULL,NULL,NULL,NULL,NULL,NULL,NULL,NULL,NULL,NULL,NULL,NULL,NULL,NULL,NULL,NULL,NULL),(17,12,500,'2 дня',2600,2850,3100,3350,NULL,NULL,NULL,NULL,NULL,NULL,NULL,NULL,NULL,NULL,NULL,NULL,NULL,NULL,NULL,NULL,NULL,NULL,NULL,NULL,NULL,NULL,NULL,NULL,NULL,NULL,NULL,NULL,NULL,NULL,NULL,NULL,NULL,NULL,NULL,NULL,NULL,NULL,NULL,NULL,NULL,NULL,NULL,NULL,NULL,NULL,NULL,NULL,NULL,NULL,NULL,NULL,NULL,NULL,NULL,NULL,NULL,NULL,NULL,NULL,NULL,NULL,NULL,NULL,NULL,NULL,NULL,NULL,NULL,NULL,NULL,NULL,NULL,NULL,NULL,NULL,NULL,NULL,NULL,NULL,NULL,NULL,NULL,NULL,NULL,NULL,NULL,NULL,NULL,NULL,NULL,NULL,NULL,NULL,NULL,NULL),(18,12,1000,'2 дня',5000,5500,6000,6500,NULL,NULL,NULL,NULL,NULL,NULL,NULL,NULL,NULL,NULL,NULL,NULL,NULL,NULL,NULL,NULL,NULL,NULL,NULL,NULL,NULL,NULL,NULL,NULL,NULL,NULL,NULL,NULL,NULL,NULL,NULL,NULL,NULL,NULL,NULL,NULL,NULL,NULL,NULL,NULL,NULL,NULL,NULL,NULL,NULL,NULL,NULL,NULL,NULL,NULL,NULL,NULL,NULL,NULL,NULL,NULL,NULL,NULL,NULL,NULL,NULL,NULL,NULL,NULL,NULL,NULL,NULL,NULL,NULL,NULL,NULL,NULL,NULL,NULL,NULL,NULL,NULL,NULL,NULL,NULL,NULL,NULL,NULL,NULL,NULL,NULL,NULL,NULL,NULL,NULL,NULL,NULL,NULL,NULL,NULL,NULL),(19,18,1,NULL,100,100,100,100,100,100,100,100,100,100,NULL,NULL,NULL,NULL,NULL,NULL,NULL,NULL,NULL,NULL,NULL,NULL,NULL,NULL,NULL,NULL,NULL,NULL,NULL,NULL,NULL,NULL,NULL,NULL,NULL,NULL,NULL,NULL,NULL,NULL,NULL,NULL,NULL,NULL,NULL,NULL,NULL,NULL,NULL,NULL,NULL,NULL,NULL,NULL,NULL,NULL,NULL,NULL,NULL,NULL,NULL,NULL,NULL,NULL,NULL,NULL,NULL,NULL,NULL,NULL,NULL,NULL,NULL,NULL,NULL,NULL,NULL,NULL,NULL,NULL,NULL,NULL,NULL,NULL,NULL,NULL,NULL,NULL,NULL,NULL,NULL,NULL,NULL,NULL,NULL,NULL,NULL,NULL,NULL,NULL),(20,18,2,'',200,200,200,200,200,200,200,200,200,200,NULL,NULL,NULL,NULL,NULL,NULL,NULL,NULL,NULL,NULL,NULL,NULL,NULL,NULL,NULL,NULL,NULL,NULL,NULL,NULL,NULL,NULL,NULL,NULL,NULL,NULL,NULL,NULL,NULL,NULL,NULL,NULL,NULL,NULL,NULL,NULL,NULL,NULL,NULL,NULL,NULL,NULL,NULL,NULL,NULL,NULL,NULL,NULL,NULL,NULL,NULL,NULL,NULL,NULL,NULL,NULL,NULL,NULL,NULL,NULL,NULL,NULL,NULL,NULL,NULL,NULL,NULL,NULL,NULL,NULL,NULL,NULL,NULL,NULL,NULL,NULL,NULL,NULL,NULL,NULL,NULL,NULL,NULL,NULL,NULL,NULL,NULL,NULL,NULL,NULL),(21,20,1,NULL,100,111,NULL,NULL,NULL,NULL,NULL,NULL,NULL,NULL,NULL,NULL,NULL,NULL,NULL,NULL,NULL,NULL,NULL,NULL,NULL,NULL,NULL,NULL,NULL,NULL,NULL,NULL,NULL,NULL,NULL,NULL,NULL,NULL,NULL,NULL,NULL,NULL,NULL,NULL,NULL,NULL,NULL,NULL,NULL,NULL,NULL,NULL,NULL,NULL,NULL,NULL,NULL,NULL,NULL,NULL,NULL,NULL,NULL,NULL,NULL,NULL,NULL,NULL,NULL,NULL,NULL,NULL,NULL,NULL,NULL,NULL,NULL,NULL,NULL,NULL,NULL,NULL,NULL,NULL,NULL,NULL,NULL,NULL,NULL,NULL,NULL,NULL,NULL,NULL,NULL,NULL,NULL,NULL,NULL,NULL,NULL,NULL,NULL,NULL),(22,20,3,NULL,200,222,NULL,NULL,NULL,NULL,NULL,NULL,NULL,NULL,NULL,NULL,NULL,NULL,NULL,NULL,NULL,NULL,NULL,NULL,NULL,NULL,NULL,NULL,NULL,NULL,NULL,NULL,NULL,NULL,NULL,NULL,NULL,NULL,NULL,NULL,NULL,NULL,NULL,NULL,NULL,NULL,NULL,NULL,NULL,NULL,NULL,NULL,NULL,NULL,NULL,NULL,NULL,NULL,NULL,NULL,NULL,NULL,NULL,NULL,NULL,NULL,NULL,NULL,NULL,NULL,NULL,NULL,NULL,NULL,NULL,NULL,NULL,NULL,NULL,NULL,NULL,NULL,NULL,NULL,NULL,NULL,NULL,NULL,NULL,NULL,NULL,NULL,NULL,NULL,NULL,NULL,NULL,NULL,NULL,NULL,NULL,NULL,NULL,NULL),(242,1,100,'',490,850,368,490,490,850,368,490,490,850,368,490,NULL,NULL,NULL,NULL,NULL,NULL,NULL,NULL,NULL,NULL,NULL,NULL,NULL,NULL,NULL,NULL,NULL,NULL,NULL,NULL,NULL,NULL,NULL,NULL,NULL,NULL,NULL,NULL,NULL,NULL,NULL,NULL,NULL,NULL,NULL,NULL,NULL,NULL,NULL,NULL,NULL,NULL,NULL,NULL,NULL,NULL,NULL,NULL,NULL,NULL,NULL,NULL,NULL,NULL,NULL,NULL,NULL,NULL,NULL,NULL,NULL,NULL,NULL,NULL,NULL,NULL,NULL,NULL,NULL,NULL,NULL,NULL,NULL,NULL,NULL,NULL,NULL,NULL,NULL,NULL,NULL,NULL,NULL,NULL,NULL,NULL,NULL,NULL),(243,1,200,'',950,1400,714,950,950,1400,714,950,950,1400,714,950,NULL,NULL,NULL,NULL,NULL,NULL,NULL,NULL,NULL,NULL,NULL,NULL,NULL,NULL,NULL,NULL,NULL,NULL,NULL,NULL,NULL,NULL,NULL,NULL,NULL,NULL,NULL,NULL,NULL,NULL,NULL,NULL,NULL,NULL,NULL,NULL,NULL,NULL,NULL,NULL,NULL,NULL,NULL,NULL,NULL,NULL,NULL,NULL,NULL,NULL,NULL,NULL,NULL,NULL,NULL,NULL,NULL,NULL,NULL,NULL,NULL,NULL,NULL,NULL,NULL,NULL,NULL,NULL,NULL,NULL,NULL,NULL,NULL,NULL,NULL,NULL,NULL,NULL,NULL,NULL,NULL,NULL,NULL,NULL,NULL,NULL,NULL,NULL),(244,1,300,'',1425,2100,1071,1425,1425,2100,1071,1425,1425,2100,1071,1425,NULL,NULL,NULL,NULL,NULL,NULL,NULL,NULL,NULL,NULL,NULL,NULL,NULL,NULL,NULL,NULL,NULL,NULL,NULL,NULL,NULL,NULL,NULL,NULL,NULL,NULL,NULL,NULL,NULL,NULL,NULL,NULL,NULL,NULL,NULL,NULL,NULL,NULL,NULL,NULL,NULL,NULL,NULL,NULL,NULL,NULL,NULL,NULL,NULL,NULL,NULL,NULL,NULL,NULL,NULL,NULL,NULL,NULL,NULL,NULL,NULL,NULL,NULL,NULL,NULL,NULL,NULL,NULL,NULL,NULL,NULL,NULL,NULL,NULL,NULL,NULL,NULL,NULL,NULL,NULL,NULL,NULL,NULL,NULL,NULL,NULL,NULL,NULL),(245,1,400,'',1900,2800,1428,1900,1900,2800,1428,1900,1900,2800,1428,1900,NULL,NULL,NULL,NULL,NULL,NULL,NULL,NULL,NULL,NULL,NULL,NULL,NULL,NULL,NULL,NULL,NULL,NULL,NULL,NULL,NULL,NULL,NULL,NULL,NULL,NULL,NULL,NULL,NULL,NULL,NULL,NULL,NULL,NULL,NULL,NULL,NULL,NULL,NULL,NULL,NULL,NULL,NULL,NULL,NULL,NULL,NULL,NULL,NULL,NULL,NULL,NULL,NULL,NULL,NULL,NULL,NULL,NULL,NULL,NULL,NULL,NULL,NULL,NULL,NULL,NULL,NULL,NULL,NULL,NULL,NULL,NULL,NULL,NULL,NULL,NULL,NULL,NULL,NULL,NULL,NULL,NULL,NULL,NULL,NULL,NULL,NULL,NULL),(246,1,500,'',2350,3450,1765,2350,2350,3450,1765,2350,2350,3450,1765,2350,NULL,NULL,NULL,NULL,NULL,NULL,NULL,NULL,NULL,NULL,NULL,NULL,NULL,NULL,NULL,NULL,NULL,NULL,NULL,NULL,NULL,NULL,NULL,NULL,NULL,NULL,NULL,NULL,NULL,NULL,NULL,NULL,NULL,NULL,NULL,NULL,NULL,NULL,NULL,NULL,NULL,NULL,NULL,NULL,NULL,NULL,NULL,NULL,NULL,NULL,NULL,NULL,NULL,NULL,NULL,NULL,NULL,NULL,NULL,NULL,NULL,NULL,NULL,NULL,NULL,NULL,NULL,NULL,NULL,NULL,NULL,NULL,NULL,NULL,NULL,NULL,NULL,NULL,NULL,NULL,NULL,NULL,NULL,NULL,NULL,NULL,NULL,NULL),(247,1,600,'',2460,3480,1848,2460,2460,3480,1848,2460,2460,3480,1848,2460,NULL,NULL,NULL,NULL,NULL,NULL,NULL,NULL,NULL,NULL,NULL,NULL,NULL,NULL,NULL,NULL,NULL,NULL,NULL,NULL,NULL,NULL,NULL,NULL,NULL,NULL,NULL,NULL,NULL,NULL,NULL,NULL,NULL,NULL,NULL,NULL,NULL,NULL,NULL,NULL,NULL,NULL,NULL,NULL,NULL,NULL,NULL,NULL,NULL,NULL,NULL,NULL,NULL,NULL,NULL,NULL,NULL,NULL,NULL,NULL,NULL,NULL,NULL,NULL,NULL,NULL,NULL,NULL,NULL,NULL,NULL,NULL,NULL,NULL,NULL,NULL,NULL,NULL,NULL,NULL,NULL,NULL,NULL,NULL,NULL,NULL,NULL,NULL),(248,1,700,'',2450,3290,1841,2450,2450,3290,1841,2450,2450,3290,1841,2450,NULL,NULL,NULL,NULL,NULL,NULL,NULL,NULL,NULL,NULL,NULL,NULL,NULL,NULL,NULL,NULL,NULL,NULL,NULL,NULL,NULL,NULL,NULL,NULL,NULL,NULL,NULL,NULL,NULL,NULL,NULL,NULL,NULL,NULL,NULL,NULL,NULL,NULL,NULL,NULL,NULL,NULL,NULL,NULL,NULL,NULL,NULL,NULL,NULL,NULL,NULL,NULL,NULL,NULL,NULL,NULL,NULL,NULL,NULL,NULL,NULL,NULL,NULL,NULL,NULL,NULL,NULL,NULL,NULL,NULL,NULL,NULL,NULL,NULL,NULL,NULL,NULL,NULL,NULL,NULL,NULL,NULL,NULL,NULL,NULL,NULL,NULL,NULL),(249,1,800,'',2320,2880,1744,2320,2320,2880,1744,2320,2320,2880,1744,2320,NULL,NULL,NULL,NULL,NULL,NULL,NULL,NULL,NULL,NULL,NULL,NULL,NULL,NULL,NULL,NULL,NULL,NULL,NULL,NULL,NULL,NULL,NULL,NULL,NULL,NULL,NULL,NULL,NULL,NULL,NULL,NULL,NULL,NULL,NULL,NULL,NULL,NULL,NULL,NULL,NULL,NULL,NULL,NULL,NULL,NULL,NULL,NULL,NULL,NULL,NULL,NULL,NULL,NULL,NULL,NULL,NULL,NULL,NULL,NULL,NULL,NULL,NULL,NULL,NULL,NULL,NULL,NULL,NULL,NULL,NULL,NULL,NULL,NULL,NULL,NULL,NULL,NULL,NULL,NULL,NULL,NULL,NULL,NULL,NULL,NULL,NULL,NULL),(250,1,900,'',2070,2700,1557,2070,2070,2700,1557,2070,2070,2700,1557,2070,NULL,NULL,NULL,NULL,NULL,NULL,NULL,NULL,NULL,NULL,NULL,NULL,NULL,NULL,NULL,NULL,NULL,NULL,NULL,NULL,NULL,NULL,NULL,NULL,NULL,NULL,NULL,NULL,NULL,NULL,NULL,NULL,NULL,NULL,NULL,NULL,NULL,NULL,NULL,NULL,NULL,NULL,NULL,NULL,NULL,NULL,NULL,NULL,NULL,NULL,NULL,NULL,NULL,NULL,NULL,NULL,NULL,NULL,NULL,NULL,NULL,NULL,NULL,NULL,NULL,NULL,NULL,NULL,NULL,NULL,NULL,NULL,NULL,NULL,NULL,NULL,NULL,NULL,NULL,NULL,NULL,NULL,NULL,NULL,NULL,NULL,NULL,NULL),(251,1,1000,'',2000,2500,1500,2000,2000,2500,1500,2000,2000,2500,1500,2000,NULL,NULL,NULL,NULL,NULL,NULL,NULL,NULL,NULL,NULL,NULL,NULL,NULL,NULL,NULL,NULL,NULL,NULL,NULL,NULL,NULL,NULL,NULL,NULL,NULL,NULL,NULL,NULL,NULL,NULL,NULL,NULL,NULL,NULL,NULL,NULL,NULL,NULL,NULL,NULL,NULL,NULL,NULL,NULL,NULL,NULL,NULL,NULL,NULL,NULL,NULL,NULL,NULL,NULL,NULL,NULL,NULL,NULL,NULL,NULL,NULL,NULL,NULL,NULL,NULL,NULL,NULL,NULL,NULL,NULL,NULL,NULL,NULL,NULL,NULL,NULL,NULL,NULL,NULL,NULL,NULL,NULL,NULL,NULL,NULL,NULL,NULL,NULL),(252,1,2000,'',4000,4000,3000,4000,4000,4000,3000,4000,4000,4000,3000,4000,NULL,NULL,NULL,NULL,NULL,NULL,NULL,NULL,NULL,NULL,NULL,NULL,NULL,NULL,NULL,NULL,NULL,NULL,NULL,NULL,NULL,NULL,NULL,NULL,NULL,NULL,NULL,NULL,NULL,NULL,NULL,NULL,NULL,NULL,NULL,NULL,NULL,NULL,NULL,NULL,NULL,NULL,NULL,NULL,NULL,NULL,NULL,NULL,NULL,NULL,NULL,NULL,NULL,NULL,NULL,NULL,NULL,NULL,NULL,NULL,NULL,NULL,NULL,NULL,NULL,NULL,NULL,NULL,NULL,NULL,NULL,NULL,NULL,NULL,NULL,NULL,NULL,NULL,NULL,NULL,NULL,NULL,NULL,NULL,NULL,NULL,NULL,NULL),(253,1,3000,'',5010,5550,3780,5010,5010,5550,3780,5010,5010,5550,3780,5010,NULL,NULL,NULL,NULL,NULL,NULL,NULL,NULL,NULL,NULL,NULL,NULL,NULL,NULL,NULL,NULL,NULL,NULL,NULL,NULL,NULL,NULL,NULL,NULL,NULL,NULL,NULL,NULL,NULL,NULL,NULL,NULL,NULL,NULL,NULL,NULL,NULL,NULL,NULL,NULL,NULL,NULL,NULL,NULL,NULL,NULL,NULL,NULL,NULL,NULL,NULL,NULL,NULL,NULL,NULL,NULL,NULL,NULL,NULL,NULL,NULL,NULL,NULL,NULL,NULL,NULL,NULL,NULL,NULL,NULL,NULL,NULL,NULL,NULL,NULL,NULL,NULL,NULL,NULL,NULL,NULL,NULL,NULL,NULL,NULL,NULL,NULL,NULL),(254,1,4000,'',5600,6200,4200,5600,5600,6200,4200,5600,5600,6200,4200,5600,NULL,NULL,NULL,NULL,NULL,NULL,NULL,NULL,NULL,NULL,NULL,NULL,NULL,NULL,NULL,NULL,NULL,NULL,NULL,NULL,NULL,NULL,NULL,NULL,NULL,NULL,NULL,NULL,NULL,NULL,NULL,NULL,NULL,NULL,NULL,NULL,NULL,NULL,NULL,NULL,NULL,NULL,NULL,NULL,NULL,NULL,NULL,NULL,NULL,NULL,NULL,NULL,NULL,NULL,NULL,NULL,NULL,NULL,NULL,NULL,NULL,NULL,NULL,NULL,NULL,NULL,NULL,NULL,NULL,NULL,NULL,NULL,NULL,NULL,NULL,NULL,NULL,NULL,NULL,NULL,NULL,NULL,NULL,NULL,NULL,NULL,NULL,NULL),(255,1,5000,'',6450,7250,4850,6450,6450,7250,4850,6450,6450,7250,4850,6450,NULL,NULL,NULL,NULL,NULL,NULL,NULL,NULL,NULL,NULL,NULL,NULL,NULL,NULL,NULL,NULL,NULL,NULL,NULL,NULL,NULL,NULL,NULL,NULL,NULL,NULL,NULL,NULL,NULL,NULL,NULL,NULL,NULL,NULL,NULL,NULL,NULL,NULL,NULL,NULL,NULL,NULL,NULL,NULL,NULL,NULL,NULL,NULL,NULL,NULL,NULL,NULL,NULL,NULL,NULL,NULL,NULL,NULL,NULL,NULL,NULL,NULL,NULL,NULL,NULL,NULL,NULL,NULL,NULL,NULL,NULL,NULL,NULL,NULL,NULL,NULL,NULL,NULL,NULL,NULL,NULL,NULL,NULL,NULL,NULL,NULL,NULL,NULL),(256,1,6000,'',7200,7980,5400,7200,7200,7980,5400,7200,7200,7980,5400,7200,NULL,NULL,NULL,NULL,NULL,NULL,NULL,NULL,NULL,NULL,NULL,NULL,NULL,NULL,NULL,NULL,NULL,NULL,NULL,NULL,NULL,NULL,NULL,NULL,NULL,NULL,NULL,NULL,NULL,NULL,NULL,NULL,NULL,NULL,NULL,NULL,NULL,NULL,NULL,NULL,NULL,NULL,NULL,NULL,NULL,NULL,NULL,NULL,NULL,NULL,NULL,NULL,NULL,NULL,NULL,NULL,NULL,NULL,NULL,NULL,NULL,NULL,NULL,NULL,NULL,NULL,NULL,NULL,NULL,NULL,NULL,NULL,NULL,NULL,NULL,NULL,NULL,NULL,NULL,NULL,NULL,NULL,NULL,NULL,NULL,NULL,NULL,NULL),(257,1,8000,'',8000,9760,6000,8000,8000,9760,6000,8000,8000,9760,6000,8000,NULL,NULL,NULL,NULL,NULL,NULL,NULL,NULL,NULL,NULL,NULL,NULL,NULL,NULL,NULL,NULL,NULL,NULL,NULL,NULL,NULL,NULL,NULL,NULL,NULL,NULL,NULL,NULL,NULL,NULL,NULL,NULL,NULL,NULL,NULL,NULL,NULL,NULL,NULL,NULL,NULL,NULL,NULL,NULL,NULL,NULL,NULL,NULL,NULL,NULL,NULL,NULL,NULL,NULL,NULL,NULL,NULL,NULL,NULL,NULL,NULL,NULL,NULL,NULL,NULL,NULL,NULL,NULL,NULL,NULL,NULL,NULL,NULL,NULL,NULL,NULL,NULL,NULL,NULL,NULL,NULL,NULL,NULL,NULL,NULL,NULL,NULL,NULL),(258,1,10000,'',9300,11100,7000,9300,9300,11100,7000,9300,9300,11100,7000,9300,NULL,NULL,NULL,NULL,NULL,NULL,NULL,NULL,NULL,NULL,NULL,NULL,NULL,NULL,NULL,NULL,NULL,NULL,NULL,NULL,NULL,NULL,NULL,NULL,NULL,NULL,NULL,NULL,NULL,NULL,NULL,NULL,NULL,NULL,NULL,NULL,NULL,NULL,NULL,NULL,NULL,NULL,NULL,NULL,NULL,NULL,NULL,NULL,NULL,NULL,NULL,NULL,NULL,NULL,NULL,NULL,NULL,NULL,NULL,NULL,NULL,NULL,NULL,NULL,NULL,NULL,NULL,NULL,NULL,NULL,NULL,NULL,NULL,NULL,NULL,NULL,NULL,NULL,NULL,NULL,NULL,NULL,NULL,NULL,NULL,NULL,NULL,NULL),(259,1,20000,'',18400,22000,13800,18400,18400,22000,13800,18400,18400,22000,13800,18400,NULL,NULL,NULL,NULL,NULL,NULL,NULL,NULL,NULL,NULL,NULL,NULL,NULL,NULL,NULL,NULL,NULL,NULL,NULL,NULL,NULL,NULL,NULL,NULL,NULL,NULL,NULL,NULL,NULL,NULL,NULL,NULL,NULL,NULL,NULL,NULL,NULL,NULL,NULL,NULL,NULL,NULL,NULL,NULL,NULL,NULL,NULL,NULL,NULL,NULL,NULL,NULL,NULL,NULL,NULL,NULL,NULL,NULL,NULL,NULL,NULL,NULL,NULL,NULL,NULL,NULL,NULL,NULL,NULL,NULL,NULL,NULL,NULL,NULL,NULL,NULL,NULL,NULL,NULL,NULL,NULL,NULL,NULL,NULL,NULL,NULL,NULL,NULL),(425,3,50,'3 часа',1227,1476,1976,2704,1401,1800,2600,3952,1241,1502,2028,2808,1415,1827,2652,4056,1241,1502,2028,2808,1430,1855,2704,4160,1284,1584,2184,3120,1459,1908,2808,4368,1314,1638,2288,3328,1488,1963,2912,4576,1911,2746,4420,7592,2085,3071,5044,8840,1983,2882,4680,8112,2158,3207,5304,9360,3367,5450,9620,17992,3541,5775,10244,19240,2857,4504,7800,14352,3031,4829,8424,15600,NULL,NULL,NULL,NULL,NULL,NULL,NULL,NULL,NULL,NULL,NULL,NULL,NULL,NULL,NULL,NULL,NULL,NULL,NULL,NULL,NULL,NULL,NULL,NULL,NULL,NULL,NULL,NULL),(426,3,100,'3 часа',1476,1976,3016,4784,1800,2600,4264,7280,1502,2028,3120,4992,1827,2652,4368,7488,1502,2028,3120,4992,1855,2704,4472,7696,1584,2184,3432,5616,1908,2808,4680,8112,1638,2288,3640,6032,1963,2912,4888,8528,2746,4420,7904,14560,3071,5044,9152,17056,2882,4680,8424,15600,3207,5304,9672,18096,5450,9620,18304,35360,5775,10244,19552,37856,4504,7800,14664,28080,4829,8424,15912,30576,NULL,NULL,NULL,NULL,NULL,NULL,NULL,NULL,NULL,NULL,NULL,NULL,NULL,NULL,NULL,NULL,NULL,NULL,NULL,NULL,NULL,NULL,NULL,NULL,NULL,NULL,NULL,NULL),(427,3,200,'3 часа',1976,3016,5096,8944,2600,4264,7592,13936,2028,3120,5304,9360,2652,4368,7800,14352,2028,3120,5304,9360,2704,4472,8008,14768,2184,3432,5928,10608,2808,4680,8424,15600,2288,3640,6344,11440,2912,4888,8840,16432,4420,7904,14872,28496,5044,9152,17368,33488,4680,8424,15912,30576,5304,9672,18408,35568,9620,18304,35672,70096,10244,19552,38168,75088,7800,14664,28392,55536,8424,15912,30888,60528,NULL,NULL,NULL,NULL,NULL,NULL,NULL,NULL,NULL,NULL,NULL,NULL,NULL,NULL,NULL,NULL,NULL,NULL,NULL,NULL,NULL,NULL,NULL,NULL,NULL,NULL,NULL,NULL),(428,3,500,'3 часа',3556,6136,11336,21424,5128,9256,17576,33904,3686,6396,11856,22464,5259,9516,18096,34944,3686,6396,11856,22464,5391,9776,18616,35984,4080,7176,13416,25584,5652,10296,19656,38064,4342,7696,14456,27664,5915,10816,20696,40144,9714,18356,35776,70304,11287,21476,42016,82784,10370,19656,38376,75504,11943,22776,44616,87984,22818,44356,87776,174304,24391,47476,94016,186784,18232,35256,69576,137904,19805,38376,75816,150384,NULL,NULL,NULL,NULL,NULL,NULL,NULL,NULL,NULL,NULL,NULL,NULL,NULL,NULL,NULL,NULL,NULL,NULL,NULL,NULL,NULL,NULL,NULL,NULL,NULL,NULL,NULL,NULL),(429,3,1000,'3 часа',6136,11336,21736,0,9256,17576,34216,0,6396,11856,22776,0,9516,18096,35256,0,6396,11856,22776,0,9776,18616,36296,0,7176,13416,25896,0,10296,19656,38376,0,7696,14456,27976,0,10816,20696,40456,0,18356,35776,70616,0,21476,42016,83096,0,19656,38376,75816,0,22776,44616,88296,0,44356,87776,174616,0,47476,94016,187096,0,35256,69576,138216,0,38376,75816,150696,0,NULL,NULL,NULL,NULL,NULL,NULL,NULL,NULL,NULL,NULL,NULL,NULL,NULL,NULL,NULL,NULL,NULL,NULL,NULL,NULL,NULL,NULL,NULL,NULL,NULL,NULL,NULL,NULL),(430,3,2000,'3 часа',11336,21736,0,0,17576,34216,0,0,11856,22776,0,0,18096,35256,0,0,11856,22776,0,0,18616,36296,0,0,13416,25896,0,0,19656,38376,0,0,14456,27976,0,0,20696,40456,0,0,35776,70616,0,0,42016,83096,0,0,38376,75816,0,0,44616,88296,0,0,87776,174616,0,0,94016,187096,0,0,69576,138216,0,0,75816,150696,0,0,NULL,NULL,NULL,NULL,NULL,NULL,NULL,NULL,NULL,NULL,NULL,NULL,NULL,NULL,NULL,NULL,NULL,NULL,NULL,NULL,NULL,NULL,NULL,NULL,NULL,NULL,NULL,NULL),(431,3,5000,'3 часа',0,0,0,0,0,0,0,0,0,0,0,0,0,0,0,0,0,0,0,0,0,0,0,0,0,0,0,0,0,0,0,0,0,0,0,0,0,0,0,0,0,0,0,0,0,0,0,0,0,0,0,0,0,0,0,0,0,0,0,0,0,0,0,0,0,0,0,0,0,0,0,0,NULL,NULL,NULL,NULL,NULL,NULL,NULL,NULL,NULL,NULL,NULL,NULL,NULL,NULL,NULL,NULL,NULL,NULL,NULL,NULL,NULL,NULL,NULL,NULL,NULL,NULL,NULL,NULL),(432,3,10000,'3 часа',0,0,0,0,0,0,0,0,0,0,0,0,0,0,0,0,0,0,0,0,0,0,0,0,0,0,0,0,0,0,0,0,0,0,0,0,0,0,0,0,0,0,0,0,0,0,0,0,0,0,0,0,0,0,0,0,0,0,0,0,0,0,0,0,0,0,0,0,0,0,0,0,NULL,NULL,NULL,NULL,NULL,NULL,NULL,NULL,NULL,NULL,NULL,NULL,NULL,NULL,NULL,NULL,NULL,NULL,NULL,NULL,NULL,NULL,NULL,NULL,NULL,NULL,NULL,NULL),(433,3,20000,'3 часа',0,0,0,0,0,0,0,0,0,0,0,0,0,0,0,0,0,0,0,0,0,0,0,0,0,0,0,0,0,0,0,0,0,0,0,0,0,0,0,0,0,0,0,0,0,0,0,0,0,0,0,0,0,0,0,0,0,0,0,0,0,0,0,0,0,0,0,0,0,0,0,0,NULL,NULL,NULL,NULL,NULL,NULL,NULL,NULL,NULL,NULL,NULL,NULL,NULL,NULL,NULL,NULL,NULL,NULL,NULL,NULL,NULL,NULL,NULL,NULL,NULL,NULL,NULL,NULL),(434,3,50000,'3 часа',0,0,0,0,0,0,0,0,0,0,0,0,0,0,0,0,0,0,0,0,0,0,0,0,0,0,0,0,0,0,0,0,0,0,0,0,0,0,0,0,0,0,0,0,0,0,0,0,0,0,0,0,0,0,0,0,0,0,0,0,0,0,0,0,0,0,0,0,0,0,0,0,NULL,NULL,NULL,NULL,NULL,NULL,NULL,NULL,NULL,NULL,NULL,NULL,NULL,NULL,NULL,NULL,NULL,NULL,NULL,NULL,NULL,NULL,NULL,NULL,NULL,NULL,NULL,NULL),(435,3,100000,'3 часа',0,0,0,0,0,0,0,0,0,0,0,0,0,0,0,0,0,0,0,0,0,0,0,0,0,0,0,0,0,0,0,0,0,0,0,0,0,0,0,0,0,0,0,0,0,0,0,0,0,0,0,0,0,0,0,0,0,0,0,0,0,0,0,0,0,0,0,0,0,0,0,0,NULL,NULL,NULL,NULL,NULL,NULL,NULL,NULL,NULL,NULL,NULL,NULL,NULL,NULL,NULL,NULL,NULL,NULL,NULL,NULL,NULL,NULL,NULL,NULL,NULL,NULL,NULL,NULL),(436,3,50,'2 дня',944,1136,1520,2080,1078,1385,2000,3040,955,1156,1560,2160,1089,1406,2040,3120,966,1177,1600,2240,1100,1427,2080,3200,988,1219,1680,2400,1123,1468,2160,3360,1011,1260,1760,2560,1145,1510,2240,3520,1470,2113,3400,5840,1604,2363,3880,6800,1526,2217,3600,6240,1660,2467,4080,7200,2590,4193,7400,13840,2724,4443,7880,14800,2198,3465,6000,11040,2332,3715,6480,12000,NULL,NULL,NULL,NULL,NULL,NULL,NULL,NULL,NULL,NULL,NULL,NULL,NULL,NULL,NULL,NULL,NULL,NULL,NULL,NULL,NULL,NULL,NULL,NULL,NULL,NULL,NULL,NULL),(437,3,100,'2 дня',1136,1520,2320,3680,1385,2000,3280,5600,1156,1560,2400,3840,1406,2040,3360,5760,1177,1600,2480,4000,1427,2080,3440,5920,1219,1680,2640,4320,1468,2160,3600,6240,1260,1760,2800,4640,1510,2240,3760,6560,2113,3400,6080,11200,2363,3880,7040,13120,2217,3600,6480,12000,2467,4080,7440,13920,4193,7400,14080,27200,4443,7880,15040,29120,3465,6000,11280,21600,3715,6480,12240,23520,NULL,NULL,NULL,NULL,NULL,NULL,NULL,NULL,NULL,NULL,NULL,NULL,NULL,NULL,NULL,NULL,NULL,NULL,NULL,NULL,NULL,NULL,NULL,NULL,NULL,NULL,NULL,NULL),(438,3,200,'2 дня',1520,2320,3920,6880,2000,3280,5840,8592,1560,2400,4080,7200,2040,3360,6000,8723,1600,2480,4240,7520,2080,3440,6160,8926,1680,2640,4560,8030,2160,3600,6480,9310,1760,2800,4880,8232,2240,3760,6800,9512,3400,6080,11440,21920,3880,7040,13360,25760,3600,6480,12240,23520,4080,7440,14160,27360,7400,14080,27440,53920,7880,15040,29360,57760,6000,11280,21840,42720,6480,12240,23760,46560,NULL,NULL,NULL,NULL,NULL,NULL,NULL,NULL,NULL,NULL,NULL,NULL,NULL,NULL,NULL,NULL,NULL,NULL,NULL,NULL,NULL,NULL,NULL,NULL,NULL,NULL,NULL,NULL),(439,3,500,'2 дня',2736,4720,7739,9880,3945,7120,9339,13080,2836,4920,7904,10208,4046,7320,9504,13408,2937,5120,8158,10716,4147,7520,9758,13916,3139,5520,8638,11676,4348,7920,10238,14876,3340,5920,8889,12180,4550,8320,10489,15380,7473,14120,27520,54080,8683,16520,32320,63680,7977,15120,29520,58080,9187,17520,34320,67680,17553,34120,67520,134080,18763,36520,72320,143680,14025,27120,53520,106080,15235,29520,58320,115680,NULL,NULL,NULL,NULL,NULL,NULL,NULL,NULL,NULL,NULL,NULL,NULL,NULL,NULL,NULL,NULL,NULL,NULL,NULL,NULL,NULL,NULL,NULL,NULL,NULL,NULL,NULL,NULL),(440,3,1000,'2 дня',4720,7739,9880,14160,7120,9339,13080,18160,4920,7904,10208,14817,7320,9504,13408,18817,5120,8158,10716,15835,7520,9758,13916,19835,5520,8638,11676,17753,7920,10238,14876,21753,5920,8889,12180,18761,8320,10489,15380,22761,14120,27520,54320,0,16520,32320,63920,0,15120,29520,58320,0,17520,34320,67920,0,34120,67520,134320,0,36520,72320,143920,0,27120,53520,106320,0,29520,58320,115920,0,NULL,NULL,NULL,NULL,NULL,NULL,NULL,NULL,NULL,NULL,NULL,NULL,NULL,NULL,NULL,NULL,NULL,NULL,NULL,NULL,NULL,NULL,NULL,NULL,NULL,NULL,NULL,NULL),(441,3,2000,'2 дня',7739,9880,14160,20321,9339,13080,18160,26721,7904,10208,14817,21636,9504,13408,18817,28036,8158,10716,15835,23672,9758,13916,19835,30072,8638,11676,17753,27507,10238,14876,21753,33907,8889,12180,18761,29523,10489,15380,22761,35923,27520,54320,0,0,32320,63920,0,0,29520,58320,0,0,34320,67920,0,0,67520,134320,0,0,72320,143920,0,0,53520,106320,0,0,58320,115920,0,0,NULL,NULL,NULL,NULL,NULL,NULL,NULL,NULL,NULL,NULL,NULL,NULL,NULL,NULL,NULL,NULL,NULL,NULL,NULL,NULL,NULL,NULL,NULL,NULL,NULL,NULL,NULL,NULL),(442,3,5000,'2 дня',10266,15282,21564,34128,14016,19032,29064,43878,10650,16051,23104,37210,14400,19801,30604,46960,11247,17244,25489,41980,14997,20994,32989,51730,12370,19492,29985,50971,16120,23242,37485,60721,12961,20673,32347,55696,16711,24423,39847,65446,0,0,0,0,0,0,0,0,0,0,0,0,0,0,0,0,0,0,0,0,0,0,0,0,0,0,0,0,0,0,0,0,NULL,NULL,NULL,NULL,NULL,NULL,NULL,NULL,NULL,NULL,NULL,NULL,NULL,NULL,NULL,NULL,NULL,NULL,NULL,NULL,NULL,NULL,NULL,NULL,NULL,NULL,NULL,NULL),(443,3,10000,'2 дня',14263,20126,31852,50407,17763,27126,40952,67907,14981,21564,34729,56161,18481,28564,43829,73661,16094,23790,39181,65064,19594,30790,48281,82565,18193,27986,47573,81846,21693,34986,56673,99346,19294,30190,51983,90666,22794,37191,61083,108166,0,0,0,0,0,0,0,0,0,0,0,0,0,0,0,0,0,0,0,0,0,0,0,0,0,0,0,0,0,0,0,0,NULL,NULL,NULL,NULL,NULL,NULL,NULL,NULL,NULL,NULL,NULL,NULL,NULL,NULL,NULL,NULL,NULL,NULL,NULL,NULL,NULL,NULL,NULL,NULL,NULL,NULL,NULL,NULL),(444,3,20000,'2 дня',18688,29577,46806,80613,25188,38027,63056,113113,20023,32249,52149,91299,26523,40699,68399,123799,22090,36383,60417,107835,28590,44833,76667,140335,25987,44175,76000,139002,32487,52625,92250,171502,28034,48270,84190,155382,34534,56720,100440,187882,0,0,0,0,0,0,0,0,0,0,0,0,0,0,0,0,0,0,0,0,0,0,0,0,0,0,0,0,0,0,0,0,NULL,NULL,NULL,NULL,NULL,NULL,NULL,NULL,NULL,NULL,NULL,NULL,NULL,NULL,NULL,NULL,NULL,NULL,NULL,NULL,NULL,NULL,NULL,NULL,NULL,NULL,NULL,NULL),(445,3,50000,'2 дня',34135,55257,97515,182032,44294,75570,138140,263282,37475,61935,110873,208747,47634,82248,151498,289997,42645,72270,131543,250087,52804,92583,172168,331337,52387,91751,170502,328005,62546,112063,211127,409255,57508,101988,190977,368955,67667,122301,231602,450205,0,0,0,0,0,0,0,0,0,0,0,0,0,0,0,0,0,0,0,0,0,0,0,0,0,0,0,0,0,0,0,0,NULL,NULL,NULL,NULL,NULL,NULL,NULL,NULL,NULL,NULL,NULL,NULL,NULL,NULL,NULL,NULL,NULL,NULL,NULL,NULL,NULL,NULL,NULL,NULL,NULL,NULL,NULL,NULL),(446,3,100000,'2 дня',55257,97515,182032,351065,75570,138140,263282,513565,61935,110873,208747,404495,82248,151498,289997,566995,72270,131543,250087,487175,92583,172168,331337,649675,91751,170502,328005,643012,112063,211127,409255,805512,101988,190977,368955,724912,122301,231602,450205,887412,0,0,0,0,0,0,0,0,0,0,0,0,0,0,0,0,0,0,0,0,0,0,0,0,0,0,0,0,0,0,0,0,NULL,NULL,NULL,NULL,NULL,NULL,NULL,NULL,NULL,NULL,NULL,NULL,NULL,NULL,NULL,NULL,NULL,NULL,NULL,NULL,NULL,NULL,NULL,NULL,NULL,NULL,NULL,NULL),(447,3,50,'3 дня',896,1079,1444,1976,1024,1315,1900,2888,907,1098,1482,2052,1034,1335,1938,2964,917,1118,1520,2128,1045,1355,1976,3040,938,1158,1596,2280,1066,1394,2052,3192,960,1197,1672,2432,1087,1434,2128,3344,1396,2007,3230,5548,1523,2244,3686,6460,1449,2106,3420,5928,1577,2343,3876,6840,2460,3983,7030,13148,2587,4220,7486,14060,2088,3291,5700,10488,2215,3529,6156,11400,NULL,NULL,NULL,NULL,NULL,NULL,NULL,NULL,NULL,NULL,NULL,NULL,NULL,NULL,NULL,NULL,NULL,NULL,NULL,NULL,NULL,NULL,NULL,NULL,NULL,NULL,NULL,NULL),(448,3,100,'3 дня',1079,1444,2204,3496,1315,1900,3116,5320,1098,1482,2280,3648,1335,1938,3192,5472,1118,1520,2356,3800,1355,1976,3268,5624,1158,1596,2508,4104,1394,2052,3420,5928,1197,1672,2660,4408,1434,2128,3572,6232,2007,3230,5776,10640,2244,3686,6688,12464,2106,3420,6156,11400,2343,3876,7068,13224,3983,7030,13376,25840,4220,7486,14288,27664,3291,5700,10716,20520,3529,6156,11628,22344,NULL,NULL,NULL,NULL,NULL,NULL,NULL,NULL,NULL,NULL,NULL,NULL,NULL,NULL,NULL,NULL,NULL,NULL,NULL,NULL,NULL,NULL,NULL,NULL,NULL,NULL,NULL,NULL),(449,3,200,'3 дня',1444,2204,3724,6536,1900,3116,5548,8162,1482,2280,3876,6840,1938,3192,5700,8286,1520,2356,4028,7144,1976,3268,5852,8479,1596,2508,4332,7628,2052,3420,6156,8844,1672,2660,4636,7820,2128,3572,6460,9036,3230,5776,10868,20824,3686,6688,12692,24472,3420,6156,11628,22344,3876,7068,13452,25992,7030,13376,26068,51224,7486,14288,27892,54872,5700,10716,20748,40584,6156,11628,22572,44232,NULL,NULL,NULL,NULL,NULL,NULL,NULL,NULL,NULL,NULL,NULL,NULL,NULL,NULL,NULL,NULL,NULL,NULL,NULL,NULL,NULL,NULL,NULL,NULL,NULL,NULL,NULL,NULL),(450,3,500,'3 дня',2599,4484,7352,9386,3747,6764,8872,12426,2694,4674,7508,9697,3843,6954,9028,12737,2790,4864,7750,10180,3939,7144,9270,13220,2982,5244,8206,11092,4130,7524,9726,14132,3173,5624,8444,11571,4322,7904,9964,14611,7099,13414,26144,51376,8248,15694,30704,60496,7578,14364,28044,55176,8727,16644,32604,64296,16675,32414,64144,127376,17824,34694,68704,136496,13323,25764,50844,100776,14473,28044,55404,109896,NULL,NULL,NULL,NULL,NULL,NULL,NULL,NULL,NULL,NULL,NULL,NULL,NULL,NULL,NULL,NULL,NULL,NULL,NULL,NULL,NULL,NULL,NULL,NULL,NULL,NULL,NULL,NULL),(451,3,1000,'3 дня',4484,7352,9386,13452,6764,8872,12426,17252,4674,7508,9697,14076,6954,9028,12737,17876,4864,7750,10180,15043,7144,9270,13220,18843,5244,8206,11092,16865,7524,9726,14132,20665,5624,8444,11571,17822,7904,9964,14611,21622,13414,26144,51604,0,15694,30704,60724,0,14364,28044,55404,0,16644,32604,64524,0,32414,64144,127604,0,34694,68704,136724,0,25764,50844,101004,0,28044,55404,110124,0,NULL,NULL,NULL,NULL,NULL,NULL,NULL,NULL,NULL,NULL,NULL,NULL,NULL,NULL,NULL,NULL,NULL,NULL,NULL,NULL,NULL,NULL,NULL,NULL,NULL,NULL,NULL,NULL),(452,3,2000,'3 дня',7352,9386,13452,19304,8872,12426,17252,25384,7508,9697,14076,20554,9028,12737,17876,26634,7750,10180,15043,22488,9270,13220,18843,28568,8206,11092,16865,26131,9726,14132,20665,32211,8444,11571,17822,28046,9964,14611,21622,34126,26144,51604,0,0,30704,60724,0,0,28044,55404,0,0,32604,64524,0,0,64144,127604,0,0,68704,136724,0,0,50844,101004,0,0,55404,110124,0,0,NULL,NULL,NULL,NULL,NULL,NULL,NULL,NULL,NULL,NULL,NULL,NULL,NULL,NULL,NULL,NULL,NULL,NULL,NULL,NULL,NULL,NULL,NULL,NULL,NULL,NULL,NULL,NULL),(453,3,5000,'3 дня',9752,14517,20485,32421,13315,18080,27610,41684,10117,15248,21948,35349,13680,18810,29073,44612,10684,16381,24214,39881,14247,19944,31339,49143,11751,18517,28485,48422,15314,22079,35610,57684,12312,19639,30729,52911,15875,23201,37854,62173,0,0,0,0,0,0,0,0,0,0,0,0,0,0,0,0,0,0,0,0,0,0,0,0,0,0,0,0,0,0,0,0,NULL,NULL,NULL,NULL,NULL,NULL,NULL,NULL,NULL,NULL,NULL,NULL,NULL,NULL,NULL,NULL,NULL,NULL,NULL,NULL,NULL,NULL,NULL,NULL,NULL,NULL,NULL,NULL),(454,3,10000,'3 дня',13549,19119,30259,47886,16874,25769,38904,64511,14231,20485,32992,53352,17556,27135,41637,69977,15289,22600,37221,61810,18614,29250,45866,78436,17283,26586,45194,77753,20608,33236,53839,94378,18329,28680,49383,86132,21654,35331,58028,102757,0,0,0,0,0,0,0,0,0,0,0,0,0,0,0,0,0,0,0,0,0,0,0,0,0,0,0,0,0,0,0,0,NULL,NULL,NULL,NULL,NULL,NULL,NULL,NULL,NULL,NULL,NULL,NULL,NULL,NULL,NULL,NULL,NULL,NULL,NULL,NULL,NULL,NULL,NULL,NULL,NULL,NULL,NULL,NULL),(455,3,20000,'3 дня',17753,28098,44465,76582,23928,36125,59903,107457,19021,30636,49541,86734,25196,38664,64979,117609,20985,34563,57396,102443,27160,42591,72833,133318,24687,41966,72200,132051,30862,49993,87637,162926,26632,45856,79980,147612,32807,53884,95418,178487,0,0,0,0,0,0,0,0,0,0,0,0,0,0,0,0,0,0,0,0,0,0,0,0,0,0,0,0,0,0,0,0,NULL,NULL,NULL,NULL,NULL,NULL,NULL,NULL,NULL,NULL,NULL,NULL,NULL,NULL,NULL,NULL,NULL,NULL,NULL,NULL,NULL,NULL,NULL,NULL,NULL,NULL,NULL,NULL),(456,3,50000,'3 дня',32428,52494,92639,172930,42079,71791,131233,250117,35601,58838,105329,198309,45252,78135,143923,275497,40512,68656,124965,237582,50163,87953,163559,314770,49767,87163,161976,311604,59418,106459,200570,388792,54632,96888,181428,350507,64283,116185,220021,427694,0,0,0,0,0,0,0,0,0,0,0,0,0,0,0,0,0,0,0,0,0,0,0,0,0,0,0,0,0,0,0,0,NULL,NULL,NULL,NULL,NULL,NULL,NULL,NULL,NULL,NULL,NULL,NULL,NULL,NULL,NULL,NULL,NULL,NULL,NULL,NULL,NULL,NULL,NULL,NULL,NULL,NULL,NULL,NULL),(457,3,100000,'3 дня',52494,92639,172930,333511,71791,131233,250117,487886,58838,105329,198309,384270,78135,143923,275497,538645,68656,124965,237582,462816,87953,163559,314770,617191,87163,161976,311604,610861,106459,200570,388792,765236,96888,181428,350507,688666,116185,220021,427694,843041,0,0,0,0,0,0,0,0,0,0,0,0,0,0,0,0,0,0,0,0,0,0,0,0,0,0,0,0,0,0,0,0,NULL,NULL,NULL,NULL,NULL,NULL,NULL,NULL,NULL,NULL,NULL,NULL,NULL,NULL,NULL,NULL,NULL,NULL,NULL,NULL,NULL,NULL,NULL,NULL,NULL,NULL,NULL,NULL),(458,23,10,'',592.4,792,1058.8,1415.5,1234.4,1650,2206,2948.8,1214.4,1623.6,2170.6,2901.8,1049.2,1402.4,1875,2507,1008,1347.4,1801.6,2408.8,1604.6,2145.2,2867.6,3833.8,1592,2128.4,2845.4,3804.2,1579.8,2112,2823.8,3774.6,829.4,1108.8,1482.2,1981.7,1728.2,2310,3088.4,4128.4,1700.2,2273,3038.8,4062.6,1468.8,1963.4,2624.8,3509.8,1411.2,1886.4,2522.2,3372.2,2246.4,3003.4,4014.6,5367.4,2228.6,2979.8,3983.6,5326,2471.8,2956.8,3953.2,7238.2,770.2,1029.6,1376.4,1840.1,1604.8,2145,2867.8,3833.6,1578.8,2110.6,2821.8,3772.4,1363.8,1823,2437.4,3259,1310.4,1751.6,2342,3131.4,2086,2788.8,3727.8,4984,2069.4,2766.8,3699,4945.6,2053.8,2745.6,3670.8,4907,NULL,NULL,NULL,NULL),(459,23,50,'',1346.5,1800,2406,3217,2806,3750,5014,6702,2760,3690,4933,6595,2384,3187,4261,5698,2291,3062,4094,5474,3647,4876,6517,8713,3618,4837,6467,8646,3590,4800,6418,8579,1885,2520,3369,4503.5,3928,5250,7019,9383,3864,5166,6906,9233,3338,4462,5966,7977,3207,4287,5732,7664,5106,6826,9124,12198,5065,6772,9054,12104,5618,6720,8985,16451,1750,2340,3128.5,4182,3647,4875,6518,8713,3588,4797,6413,8574,3100,4143,5540,7407,2978,3981,5323,7117,4741,6338,8472,11327,4703,6288,8407,11240,4668,6240,8343,11152,NULL,NULL,NULL,NULL),(460,23,100,'',1898,2772,4049,5912,3956,5774,8434,12320,3890,5684,8300,12122,3360,4908,7168,10472,3230,4716,6888,10060,5140,7508,10966,16016,5100,7450,10882,15892,5062,7392,10796,15768,2657,3881,5669,8278,5538,8084,11808,17246,5446,7956,11618,16972,4704,6872,10036,14660,4522,6602,9644,14086,7198,10510,15352,22422,7140,10430,15234,22250,7984,10348,15114,19522,2467,3604,5264,7686,5142,7506,10964,16014,5058,7388,10788,15760,4368,6380,9320,13612,4200,6130,8954,13080,6684,9760,14256,20820,6630,9684,14146,20660,6580,9610,14034,20498,NULL,NULL,NULL,NULL),(461,23,200,'',2564,4752,8810,16332,5344,9904,18356,34028,5256,9744,18064,33484,4540,8416,15600,28924,4364,8084,14992,27792,6940,12868,23860,44236,6888,12772,23680,43896,6836,12672,23492,43556,3588,6652,12334,22864,7480,13864,25696,47640,7360,13640,25288,46880,6356,11780,21840,40496,6108,11316,20988,38908,9716,18016,33404,61932,9644,17880,33148,61456,14084,17740,32888,28656,3332,6178,11452,21232,6944,12872,23860,44236,6832,12668,23480,43532,5904,10940,20280,37604,5672,10508,19488,36128,9024,16728,31020,57508,8956,16604,30780,57064,8884,16472,30540,56620,NULL,NULL,NULL,NULL),(462,23,300,'',3687,5934,9546,15366,7680,12360,19896,32010,7560,12162,19578,31500,6528,10506,16908,27210,6270,10092,16242,26142,9984,16068,25860,41616,9906,15948,25662,41298,9828,15816,25458,40974,5160,8304,13368,21513,10758,17310,27852,44814,10584,17028,27408,44100,9144,14706,23670,38094,8778,14130,22740,36600,13980,22500,36210,58260,13872,22326,35928,57816,18822,22146,35640,40098,4791,7710,12414,19977,9990,16074,25860,41616,9828,15810,25452,40950,8490,13656,21978,35370,8154,13122,21114,33984,12984,20892,33624,54102,12882,20730,33360,53688,12774,20562,33096,53268,NULL,NULL,NULL,NULL),(463,23,400,'',4608,7276,11472,18112,9600,15152,23904,37728,9448,14912,23528,37120,8160,12872,20320,32072,7840,12376,19528,30816,12480,19696,31088,49048,12384,19544,30848,48672,12288,19392,30608,48296,6452,10184,16064,25352,13440,21208,33464,52816,13224,20872,32944,51976,11424,18024,28456,44904,10984,17328,27336,43144,17472,27576,43520,68664,17336,27360,43184,68144,22792,27152,42848,49768,5992,9456,14920,23544,12480,19696,31072,49048,12280,19384,30592,48264,10608,16736,26424,41696,10200,16088,25384,40064,16224,25608,40408,63760,16096,25408,40096,63272,15976,25208,39784,62784,NULL,NULL,NULL,NULL),(464,23,500,'',5905,8890,13390,20165,12300,18530,27900,42020,12110,18230,27460,41350,10450,15740,23710,35710,10040,15130,22790,34320,16000,24080,36280,54620,15860,23890,35990,54200,15740,23710,35710,53780,8270,12450,18750,28235,17220,25940,39060,58830,16950,25520,38440,57890,14630,22040,33200,50000,14060,21180,31900,48050,22390,33720,50790,76470,22210,33450,50380,75890,27150,33200,50000,60180,7675,11560,17410,26220,15990,24090,36270,54630,15740,23700,35690,53760,13590,20470,30830,46430,13060,19670,29620,44620,20790,31310,47160,71010,20620,31060,46780,70470,20470,30830,46430,69920,NULL,NULL,NULL,NULL),(465,23,1000,'',9790,13680,19100,26700,20400,28520,39820,55640,20060,28060,39160,54740,17360,24220,33840,47280,16660,23280,32520,45440,26520,37060,51760,72320,26320,36760,51360,71760,26120,36480,50980,71200,13700,19150,26750,37380,28560,39920,55740,77880,28080,39280,54840,76640,24300,33900,47380,66200,23320,32600,45520,63600,37120,51880,72480,101240,36860,51480,71900,100460,49120,51080,71360,93780,12730,17780,24840,34700,26520,37060,51760,72320,26080,36480,50920,71160,22560,31480,44000,61460,21660,30260,42280,59060,34480,48180,67300,94000,34220,47800,66760,93280,33940,47420,66260,92580,NULL,NULL,NULL,NULL),(466,23,2000,'',13820,21460,33280,51700,28800,44680,69360,107680,28320,43960,68240,105920,24480,38000,59000,91520,23520,36520,56640,87920,37440,58120,90200,139960,37160,57640,89520,138920,36880,57200,88800,137800,19340,30040,46600,72380,40320,62560,97120,150720,39640,61560,95560,148320,34280,53240,82600,128160,32920,51120,79280,123120,52400,81360,126280,195960,52000,80720,125320,194480,73640,80120,124320,138560,17980,27880,43280,67200,37440,58080,90160,139960,36800,57160,88720,137720,31840,49440,76680,119000,30560,47480,73640,114320,48680,75560,117240,181960,48280,74960,116360,180600,47920,74400,115440,179160,NULL,NULL,NULL,NULL),(467,23,5000,'',25100,45250,81600,147250,52200,94200,170000,306700,51400,92600,167300,301900,44400,80000,144500,260800,42600,76900,138800,250600,67900,122500,221000,398800,67300,121600,219200,395800,66800,120600,217600,392600,35100,63300,114200,206150,73100,131900,238100,429400,71900,129700,234200,422700,62200,112100,202300,365100,59600,107700,194400,350800,95100,171500,309500,558300,94200,170200,306900,554100,119600,168800,304600,267800,32600,58800,106000,191400,67900,122500,221100,398700,66800,120400,217500,392500,57700,104100,187800,339000,55400,100000,180500,325700,88300,159300,287400,518400,87500,158000,285000,514500,86900,156800,282800,510400,NULL,NULL,NULL,NULL),(468,23,10000,'',43000,77900,141400,256800,89600,162200,294800,535000,88000,159600,290000,526400,76000,138000,250600,454600,73000,132400,240800,436800,116200,211000,383000,695200,115400,209200,380200,690000,114400,207800,377000,684800,60100,109100,198000,359400,125400,227200,412600,749000,123400,223400,405800,736800,106600,193200,350800,636400,102200,185400,337000,611600,162600,295400,536200,973400,161600,293000,532200,966000,194600,291000,527800,500400,55800,101300,183800,333700,116400,211000,383200,695400,114600,207400,376800,684200,99000,179400,325800,591000,94800,172200,313000,567800,151000,274200,498000,903800,150000,272000,494200,897000,148800,270200,490200,890200,NULL,NULL,NULL,NULL),(469,31,50,'',12546.5,16310.5,13455,17491.5,13777,17910,NULL,NULL,NULL,NULL,NULL,NULL,NULL,NULL,NULL,NULL,NULL,NULL,NULL,NULL,NULL,NULL,NULL,NULL,NULL,NULL,NULL,NULL,NULL,NULL,NULL,NULL,NULL,NULL,NULL,NULL,NULL,NULL,NULL,NULL,NULL,NULL,NULL,NULL,NULL,NULL,NULL,NULL,NULL,NULL,NULL,NULL,NULL,NULL,NULL,NULL,NULL,NULL,NULL,NULL,NULL,NULL,NULL,NULL,NULL,NULL,NULL,NULL,NULL,NULL,NULL,NULL,NULL,NULL,NULL,NULL,NULL,NULL,NULL,NULL,NULL,NULL,NULL,NULL,NULL,NULL,NULL,NULL,NULL,NULL,NULL,NULL,NULL,NULL,NULL,NULL,NULL,NULL,NULL,NULL),(470,31,100,'',21632,28121,22333,29033,23943,31126,NULL,NULL,NULL,NULL,NULL,NULL,NULL,NULL,NULL,NULL,NULL,NULL,NULL,NULL,NULL,NULL,NULL,NULL,NULL,NULL,NULL,NULL,NULL,NULL,NULL,NULL,NULL,NULL,NULL,NULL,NULL,NULL,NULL,NULL,NULL,NULL,NULL,NULL,NULL,NULL,NULL,NULL,NULL,NULL,NULL,NULL,NULL,NULL,NULL,NULL,NULL,NULL,NULL,NULL,NULL,NULL,NULL,NULL,NULL,NULL,NULL,NULL,NULL,NULL,NULL,NULL,NULL,NULL,NULL,NULL,NULL,NULL,NULL,NULL,NULL,NULL,NULL,NULL,NULL,NULL,NULL,NULL,NULL,NULL,NULL,NULL,NULL,NULL,NULL,NULL,NULL,NULL,NULL,NULL),(471,31,150,'',29406,38227.5,29899.5,38869.5,32637,42427.5,NULL,NULL,NULL,NULL,NULL,NULL,NULL,NULL,NULL,NULL,NULL,NULL,NULL,NULL,NULL,NULL,NULL,NULL,NULL,NULL,NULL,NULL,NULL,NULL,NULL,NULL,NULL,NULL,NULL,NULL,NULL,NULL,NULL,NULL,NULL,NULL,NULL,NULL,NULL,NULL,NULL,NULL,NULL,NULL,NULL,NULL,NULL,NULL,NULL,NULL,NULL,NULL,NULL,NULL,NULL,NULL,NULL,NULL,NULL,NULL,NULL,NULL,NULL,NULL,NULL,NULL,NULL,NULL,NULL,NULL,NULL,NULL,NULL,NULL,NULL,NULL,NULL,NULL,NULL,NULL,NULL,NULL,NULL,NULL,NULL,NULL,NULL,NULL,NULL,NULL,NULL,NULL,NULL,NULL),(472,31,200,'',35852,46606,37376,48588,39860,51816,NULL,NULL,NULL,NULL,NULL,NULL,NULL,NULL,NULL,NULL,NULL,NULL,NULL,NULL,NULL,NULL,NULL,NULL,NULL,NULL,NULL,NULL,NULL,NULL,NULL,NULL,NULL,NULL,NULL,NULL,NULL,NULL,NULL,NULL,NULL,NULL,NULL,NULL,NULL,NULL,NULL,NULL,NULL,NULL,NULL,NULL,NULL,NULL,NULL,NULL,NULL,NULL,NULL,NULL,NULL,NULL,NULL,NULL,NULL,NULL,NULL,NULL,NULL,NULL,NULL,NULL,NULL,NULL,NULL,NULL,NULL,NULL,NULL,NULL,NULL,NULL,NULL,NULL,NULL,NULL,NULL,NULL,NULL,NULL,NULL,NULL,NULL,NULL,NULL,NULL,NULL,NULL,NULL,NULL),(473,31,250,'',40620,52805,43605,56685,45252.5,58827.5,NULL,NULL,NULL,NULL,NULL,NULL,NULL,NULL,NULL,NULL,NULL,NULL,NULL,NULL,NULL,NULL,NULL,NULL,NULL,NULL,NULL,NULL,NULL,NULL,NULL,NULL,NULL,NULL,NULL,NULL,NULL,NULL,NULL,NULL,NULL,NULL,NULL,NULL,NULL,NULL,NULL,NULL,NULL,NULL,NULL,NULL,NULL,NULL,NULL,NULL,NULL,NULL,NULL,NULL,NULL,NULL,NULL,NULL,NULL,NULL,NULL,NULL,NULL,NULL,NULL,NULL,NULL,NULL,NULL,NULL,NULL,NULL,NULL,NULL,NULL,NULL,NULL,NULL,NULL,NULL,NULL,NULL,NULL,NULL,NULL,NULL,NULL,NULL,NULL,NULL,NULL,NULL,NULL,NULL),(474,31,300,'',43710,56820,48588,63165,48819,63462,NULL,NULL,NULL,NULL,NULL,NULL,NULL,NULL,NULL,NULL,NULL,NULL,NULL,NULL,NULL,NULL,NULL,NULL,NULL,NULL,NULL,NULL,NULL,NULL,NULL,NULL,NULL,NULL,NULL,NULL,NULL,NULL,NULL,NULL,NULL,NULL,NULL,NULL,NULL,NULL,NULL,NULL,NULL,NULL,NULL,NULL,NULL,NULL,NULL,NULL,NULL,NULL,NULL,NULL,NULL,NULL,NULL,NULL,NULL,NULL,NULL,NULL,NULL,NULL,NULL,NULL,NULL,NULL,NULL,NULL,NULL,NULL,NULL,NULL,NULL,NULL,NULL,NULL,NULL,NULL,NULL,NULL,NULL,NULL,NULL,NULL,NULL,NULL,NULL,NULL,NULL,NULL,NULL,NULL),(475,31,350,'',45118.5,58656.5,52325,68022.5,50554,65719.5,NULL,NULL,NULL,NULL,NULL,NULL,NULL,NULL,NULL,NULL,NULL,NULL,NULL,NULL,NULL,NULL,NULL,NULL,NULL,NULL,NULL,NULL,NULL,NULL,NULL,NULL,NULL,NULL,NULL,NULL,NULL,NULL,NULL,NULL,NULL,NULL,NULL,NULL,NULL,NULL,NULL,NULL,NULL,NULL,NULL,NULL,NULL,NULL,NULL,NULL,NULL,NULL,NULL,NULL,NULL,NULL,NULL,NULL,NULL,NULL,NULL,NULL,NULL,NULL,NULL,NULL,NULL,NULL,NULL,NULL,NULL,NULL,NULL,NULL,NULL,NULL,NULL,NULL,NULL,NULL,NULL,NULL,NULL,NULL,NULL,NULL,NULL,NULL,NULL,NULL,NULL,NULL,NULL,NULL),(476,31,400,'',44852,58308,54816,71260,50464,65600,NULL,NULL,NULL,NULL,NULL,NULL,NULL,NULL,NULL,NULL,NULL,NULL,NULL,NULL,NULL,NULL,NULL,NULL,NULL,NULL,NULL,NULL,NULL,NULL,NULL,NULL,NULL,NULL,NULL,NULL,NULL,NULL,NULL,NULL,NULL,NULL,NULL,NULL,NULL,NULL,NULL,NULL,NULL,NULL,NULL,NULL,NULL,NULL,NULL,NULL,NULL,NULL,NULL,NULL,NULL,NULL,NULL,NULL,NULL,NULL,NULL,NULL,NULL,NULL,NULL,NULL,NULL,NULL,NULL,NULL,NULL,NULL,NULL,NULL,NULL,NULL,NULL,NULL,NULL,NULL,NULL,NULL,NULL,NULL,NULL,NULL,NULL,NULL,NULL,NULL,NULL,NULL,NULL,NULL),(477,31,450,'',42907.5,55782,56061,72882,48541.5,63103.5,NULL,NULL,NULL,NULL,NULL,NULL,NULL,NULL,NULL,NULL,NULL,NULL,NULL,NULL,NULL,NULL,NULL,NULL,NULL,NULL,NULL,NULL,NULL,NULL,NULL,NULL,NULL,NULL,NULL,NULL,NULL,NULL,NULL,NULL,NULL,NULL,NULL,NULL,NULL,NULL,NULL,NULL,NULL,NULL,NULL,NULL,NULL,NULL,NULL,NULL,NULL,NULL,NULL,NULL,NULL,NULL,NULL,NULL,NULL,NULL,NULL,NULL,NULL,NULL,NULL,NULL,NULL,NULL,NULL,NULL,NULL,NULL,NULL,NULL,NULL,NULL,NULL,NULL,NULL,NULL,NULL,NULL,NULL,NULL,NULL,NULL,NULL,NULL,NULL,NULL,NULL,NULL,NULL,NULL),(478,32,50,'',12546.5,16310.5,13455,17491.5,13777,17910,NULL,NULL,NULL,NULL,NULL,NULL,NULL,NULL,NULL,NULL,NULL,NULL,NULL,NULL,NULL,NULL,NULL,NULL,NULL,NULL,NULL,NULL,NULL,NULL,NULL,NULL,NULL,NULL,NULL,NULL,NULL,NULL,NULL,NULL,NULL,NULL,NULL,NULL,NULL,NULL,NULL,NULL,NULL,NULL,NULL,NULL,NULL,NULL,NULL,NULL,NULL,NULL,NULL,NULL,NULL,NULL,NULL,NULL,NULL,NULL,NULL,NULL,NULL,NULL,NULL,NULL,NULL,NULL,NULL,NULL,NULL,NULL,NULL,NULL,NULL,NULL,NULL,NULL,NULL,NULL,NULL,NULL,NULL,NULL,NULL,NULL,NULL,NULL,NULL,NULL,NULL,NULL,NULL,NULL),(479,32,100,'',21632,28121,22333,29033,23943,31126,NULL,NULL,NULL,NULL,NULL,NULL,NULL,NULL,NULL,NULL,NULL,NULL,NULL,NULL,NULL,NULL,NULL,NULL,NULL,NULL,NULL,NULL,NULL,NULL,NULL,NULL,NULL,NULL,NULL,NULL,NULL,NULL,NULL,NULL,NULL,NULL,NULL,NULL,NULL,NULL,NULL,NULL,NULL,NULL,NULL,NULL,NULL,NULL,NULL,NULL,NULL,NULL,NULL,NULL,NULL,NULL,NULL,NULL,NULL,NULL,NULL,NULL,NULL,NULL,NULL,NULL,NULL,NULL,NULL,NULL,NULL,NULL,NULL,NULL,NULL,NULL,NULL,NULL,NULL,NULL,NULL,NULL,NULL,NULL,NULL,NULL,NULL,NULL,NULL,NULL,NULL,NULL,NULL,NULL),(480,32,150,'',29406,38227.5,29899.5,38869.5,32637,42427.5,NULL,NULL,NULL,NULL,NULL,NULL,NULL,NULL,NULL,NULL,NULL,NULL,NULL,NULL,NULL,NULL,NULL,NULL,NULL,NULL,NULL,NULL,NULL,NULL,NULL,NULL,NULL,NULL,NULL,NULL,NULL,NULL,NULL,NULL,NULL,NULL,NULL,NULL,NULL,NULL,NULL,NULL,NULL,NULL,NULL,NULL,NULL,NULL,NULL,NULL,NULL,NULL,NULL,NULL,NULL,NULL,NULL,NULL,NULL,NULL,NULL,NULL,NULL,NULL,NULL,NULL,NULL,NULL,NULL,NULL,NULL,NULL,NULL,NULL,NULL,NULL,NULL,NULL,NULL,NULL,NULL,NULL,NULL,NULL,NULL,NULL,NULL,NULL,NULL,NULL,NULL,NULL,NULL,NULL),(481,32,200,'',35852,46606,37376,48588,39860,51816,NULL,NULL,NULL,NULL,NULL,NULL,NULL,NULL,NULL,NULL,NULL,NULL,NULL,NULL,NULL,NULL,NULL,NULL,NULL,NULL,NULL,NULL,NULL,NULL,NULL,NULL,NULL,NULL,NULL,NULL,NULL,NULL,NULL,NULL,NULL,NULL,NULL,NULL,NULL,NULL,NULL,NULL,NULL,NULL,NULL,NULL,NULL,NULL,NULL,NULL,NULL,NULL,NULL,NULL,NULL,NULL,NULL,NULL,NULL,NULL,NULL,NULL,NULL,NULL,NULL,NULL,NULL,NULL,NULL,NULL,NULL,NULL,NULL,NULL,NULL,NULL,NULL,NULL,NULL,NULL,NULL,NULL,NULL,NULL,NULL,NULL,NULL,NULL,NULL,NULL,NULL,NULL,NULL,NULL),(482,32,250,'',40620,52805,43605,56685,45252.5,58827.5,NULL,NULL,NULL,NULL,NULL,NULL,NULL,NULL,NULL,NULL,NULL,NULL,NULL,NULL,NULL,NULL,NULL,NULL,NULL,NULL,NULL,NULL,NULL,NULL,NULL,NULL,NULL,NULL,NULL,NULL,NULL,NULL,NULL,NULL,NULL,NULL,NULL,NULL,NULL,NULL,NULL,NULL,NULL,NULL,NULL,NULL,NULL,NULL,NULL,NULL,NULL,NULL,NULL,NULL,NULL,NULL,NULL,NULL,NULL,NULL,NULL,NULL,NULL,NULL,NULL,NULL,NULL,NULL,NULL,NULL,NULL,NULL,NULL,NULL,NULL,NULL,NULL,NULL,NULL,NULL,NULL,NULL,NULL,NULL,NULL,NULL,NULL,NULL,NULL,NULL,NULL,NULL,NULL,NULL),(483,32,300,'',43710,56820,48588,63165,48819,63462,NULL,NULL,NULL,NULL,NULL,NULL,NULL,NULL,NULL,NULL,NULL,NULL,NULL,NULL,NULL,NULL,NULL,NULL,NULL,NULL,NULL,NULL,NULL,NULL,NULL,NULL,NULL,NULL,NULL,NULL,NULL,NULL,NULL,NULL,NULL,NULL,NULL,NULL,NULL,NULL,NULL,NULL,NULL,NULL,NULL,NULL,NULL,NULL,NULL,NULL,NULL,NULL,NULL,NULL,NULL,NULL,NULL,NULL,NULL,NULL,NULL,NULL,NULL,NULL,NULL,NULL,NULL,NULL,NULL,NULL,NULL,NULL,NULL,NULL,NULL,NULL,NULL,NULL,NULL,NULL,NULL,NULL,NULL,NULL,NULL,NULL,NULL,NULL,NULL,NULL,NULL,NULL,NULL,NULL),(484,32,350,'',45118.5,58656.5,52325,68022.5,50554,65719.5,NULL,NULL,NULL,NULL,NULL,NULL,NULL,NULL,NULL,NULL,NULL,NULL,NULL,NULL,NULL,NULL,NULL,NULL,NULL,NULL,NULL,NULL,NULL,NULL,NULL,NULL,NULL,NULL,NULL,NULL,NULL,NULL,NULL,NULL,NULL,NULL,NULL,NULL,NULL,NULL,NULL,NULL,NULL,NULL,NULL,NULL,NULL,NULL,NULL,NULL,NULL,NULL,NULL,NULL,NULL,NULL,NULL,NULL,NULL,NULL,NULL,NULL,NULL,NULL,NULL,NULL,NULL,NULL,NULL,NULL,NULL,NULL,NULL,NULL,NULL,NULL,NULL,NULL,NULL,NULL,NULL,NULL,NULL,NULL,NULL,NULL,NULL,NULL,NULL,NULL,NULL,NULL,NULL,NULL),(485,32,400,'',44852,58308,54816,71260,50464,65600,NULL,NULL,NULL,NULL,NULL,NULL,NULL,NULL,NULL,NULL,NULL,NULL,NULL,NULL,NULL,NULL,NULL,NULL,NULL,NULL,NULL,NULL,NULL,NULL,NULL,NULL,NULL,NULL,NULL,NULL,NULL,NULL,NULL,NULL,NULL,NULL,NULL,NULL,NULL,NULL,NULL,NULL,NULL,NULL,NULL,NULL,NULL,NULL,NULL,NULL,NULL,NULL,NULL,NULL,NULL,NULL,NULL,NULL,NULL,NULL,NULL,NULL,NULL,NULL,NULL,NULL,NULL,NULL,NULL,NULL,NULL,NULL,NULL,NULL,NULL,NULL,NULL,NULL,NULL,NULL,NULL,NULL,NULL,NULL,NULL,NULL,NULL,NULL,NULL,NULL,NULL,NULL,NULL,NULL),(486,32,450,'',42907.5,55782,56061,72882,48541.5,63103.5,NULL,NULL,NULL,NULL,NULL,NULL,NULL,NULL,NULL,NULL,NULL,NULL,NULL,NULL,NULL,NULL,NULL,NULL,NULL,NULL,NULL,NULL,NULL,NULL,NULL,NULL,NULL,NULL,NULL,NULL,NULL,NULL,NULL,NULL,NULL,NULL,NULL,NULL,NULL,NULL,NULL,NULL,NULL,NULL,NULL,NULL,NULL,NULL,NULL,NULL,NULL,NULL,NULL,NULL,NULL,NULL,NULL,NULL,NULL,NULL,NULL,NULL,NULL,NULL,NULL,NULL,NULL,NULL,NULL,NULL,NULL,NULL,NULL,NULL,NULL,NULL,NULL,NULL,NULL,NULL,NULL,NULL,NULL,NULL,NULL,NULL,NULL,NULL,NULL,NULL,NULL,NULL,NULL,NULL),(487,33,50,'',17583.5,22858.5,19067,24787,21999.5,28599.5,NULL,NULL,NULL,NULL,NULL,NULL,NULL,NULL,NULL,NULL,NULL,NULL,NULL,NULL,NULL,NULL,NULL,NULL,NULL,NULL,NULL,NULL,NULL,NULL,NULL,NULL,NULL,NULL,NULL,NULL,NULL,NULL,NULL,NULL,NULL,NULL,NULL,NULL,NULL,NULL,NULL,NULL,NULL,NULL,NULL,NULL,NULL,NULL,NULL,NULL,NULL,NULL,NULL,NULL,NULL,NULL,NULL,NULL,NULL,NULL,NULL,NULL,NULL,NULL,NULL,NULL,NULL,NULL,NULL,NULL,NULL,NULL,NULL,NULL,NULL,NULL,NULL,NULL,NULL,NULL,NULL,NULL,NULL,NULL,NULL,NULL,NULL,NULL,NULL,NULL,NULL,NULL,NULL,NULL),(488,33,100,'',31085,40410,33845,43998,39365,51174,NULL,NULL,NULL,NULL,NULL,NULL,NULL,NULL,NULL,NULL,NULL,NULL,NULL,NULL,NULL,NULL,NULL,NULL,NULL,NULL,NULL,NULL,NULL,NULL,NULL,NULL,NULL,NULL,NULL,NULL,NULL,NULL,NULL,NULL,NULL,NULL,NULL,NULL,NULL,NULL,NULL,NULL,NULL,NULL,NULL,NULL,NULL,NULL,NULL,NULL,NULL,NULL,NULL,NULL,NULL,NULL,NULL,NULL,NULL,NULL,NULL,NULL,NULL,NULL,NULL,NULL,NULL,NULL,NULL,NULL,NULL,NULL,NULL,NULL,NULL,NULL,NULL,NULL,NULL,NULL,NULL,NULL,NULL,NULL,NULL,NULL,NULL,NULL,NULL,NULL,NULL,NULL,NULL,NULL),(489,33,150,'',42642,55434,46494,60442.5,54222,70489.5,NULL,NULL,NULL,NULL,NULL,NULL,NULL,NULL,NULL,NULL,NULL,NULL,NULL,NULL,NULL,NULL,NULL,NULL,NULL,NULL,NULL,NULL,NULL,NULL,NULL,NULL,NULL,NULL,NULL,NULL,NULL,NULL,NULL,NULL,NULL,NULL,NULL,NULL,NULL,NULL,NULL,NULL,NULL,NULL,NULL,NULL,NULL,NULL,NULL,NULL,NULL,NULL,NULL,NULL,NULL,NULL,NULL,NULL,NULL,NULL,NULL,NULL,NULL,NULL,NULL,NULL,NULL,NULL,NULL,NULL,NULL,NULL,NULL,NULL,NULL,NULL,NULL,NULL,NULL,NULL,NULL,NULL,NULL,NULL,NULL,NULL,NULL,NULL,NULL,NULL,NULL,NULL,NULL,NULL),(490,33,200,'',52244,67918,57018,74122,66586,86560,NULL,NULL,NULL,NULL,NULL,NULL,NULL,NULL,NULL,NULL,NULL,NULL,NULL,NULL,NULL,NULL,NULL,NULL,NULL,NULL,NULL,NULL,NULL,NULL,NULL,NULL,NULL,NULL,NULL,NULL,NULL,NULL,NULL,NULL,NULL,NULL,NULL,NULL,NULL,NULL,NULL,NULL,NULL,NULL,NULL,NULL,NULL,NULL,NULL,NULL,NULL,NULL,NULL,NULL,NULL,NULL,NULL,NULL,NULL,NULL,NULL,NULL,NULL,NULL,NULL,NULL,NULL,NULL,NULL,NULL,NULL,NULL,NULL,NULL,NULL,NULL,NULL,NULL,NULL,NULL,NULL,NULL,NULL,NULL,NULL,NULL,NULL,NULL,NULL,NULL,NULL,NULL,NULL,NULL),(491,33,250,'',59542.5,77402.5,65052.5,84567.5,76092.5,98920,NULL,NULL,NULL,NULL,NULL,NULL,NULL,NULL,NULL,NULL,NULL,NULL,NULL,NULL,NULL,NULL,NULL,NULL,NULL,NULL,NULL,NULL,NULL,NULL,NULL,NULL,NULL,NULL,NULL,NULL,NULL,NULL,NULL,NULL,NULL,NULL,NULL,NULL,NULL,NULL,NULL,NULL,NULL,NULL,NULL,NULL,NULL,NULL,NULL,NULL,NULL,NULL,NULL,NULL,NULL,NULL,NULL,NULL,NULL,NULL,NULL,NULL,NULL,NULL,NULL,NULL,NULL,NULL,NULL,NULL,NULL,NULL,NULL,NULL,NULL,NULL,NULL,NULL,NULL,NULL,NULL,NULL,NULL,NULL,NULL,NULL,NULL,NULL,NULL,NULL,NULL,NULL,NULL,NULL),(492,33,300,'',64533,83892,70599,91779,82743,107565,NULL,NULL,NULL,NULL,NULL,NULL,NULL,NULL,NULL,NULL,NULL,NULL,NULL,NULL,NULL,NULL,NULL,NULL,NULL,NULL,NULL,NULL,NULL,NULL,NULL,NULL,NULL,NULL,NULL,NULL,NULL,NULL,NULL,NULL,NULL,NULL,NULL,NULL,NULL,NULL,NULL,NULL,NULL,NULL,NULL,NULL,NULL,NULL,NULL,NULL,NULL,NULL,NULL,NULL,NULL,NULL,NULL,NULL,NULL,NULL,NULL,NULL,NULL,NULL,NULL,NULL,NULL,NULL,NULL,NULL,NULL,NULL,NULL,NULL,NULL,NULL,NULL,NULL,NULL,NULL,NULL,NULL,NULL,NULL,NULL,NULL,NULL,NULL,NULL,NULL,NULL,NULL,NULL,NULL),(493,33,350,'',67217.5,87384.5,73657.5,95756.5,86537.5,112500,NULL,NULL,NULL,NULL,NULL,NULL,NULL,NULL,NULL,NULL,NULL,NULL,NULL,NULL,NULL,NULL,NULL,NULL,NULL,NULL,NULL,NULL,NULL,NULL,NULL,NULL,NULL,NULL,NULL,NULL,NULL,NULL,NULL,NULL,NULL,NULL,NULL,NULL,NULL,NULL,NULL,NULL,NULL,NULL,NULL,NULL,NULL,NULL,NULL,NULL,NULL,NULL,NULL,NULL,NULL,NULL,NULL,NULL,NULL,NULL,NULL,NULL,NULL,NULL,NULL,NULL,NULL,NULL,NULL,NULL,NULL,NULL,NULL,NULL,NULL,NULL,NULL,NULL,NULL,NULL,NULL,NULL,NULL,NULL,NULL,NULL,NULL,NULL,NULL,NULL,NULL,NULL,NULL,NULL),(494,33,400,'',67596,87876,74228,96496,87476,113720,NULL,NULL,NULL,NULL,NULL,NULL,NULL,NULL,NULL,NULL,NULL,NULL,NULL,NULL,NULL,NULL,NULL,NULL,NULL,NULL,NULL,NULL,NULL,NULL,NULL,NULL,NULL,NULL,NULL,NULL,NULL,NULL,NULL,NULL,NULL,NULL,NULL,NULL,NULL,NULL,NULL,NULL,NULL,NULL,NULL,NULL,NULL,NULL,NULL,NULL,NULL,NULL,NULL,NULL,NULL,NULL,NULL,NULL,NULL,NULL,NULL,NULL,NULL,NULL,NULL,NULL,NULL,NULL,NULL,NULL,NULL,NULL,NULL,NULL,NULL,NULL,NULL,NULL,NULL,NULL,NULL,NULL,NULL,NULL,NULL,NULL,NULL,NULL,NULL,NULL,NULL,NULL,NULL,NULL),(495,33,450,'',65673,85374,72310.5,94005,85558.5,111226,NULL,NULL,NULL,NULL,NULL,NULL,NULL,NULL,NULL,NULL,NULL,NULL,NULL,NULL,NULL,NULL,NULL,NULL,NULL,NULL,NULL,NULL,NULL,NULL,NULL,NULL,NULL,NULL,NULL,NULL,NULL,NULL,NULL,NULL,NULL,NULL,NULL,NULL,NULL,NULL,NULL,NULL,NULL,NULL,NULL,NULL,NULL,NULL,NULL,NULL,NULL,NULL,NULL,NULL,NULL,NULL,NULL,NULL,NULL,NULL,NULL,NULL,NULL,NULL,NULL,NULL,NULL,NULL,NULL,NULL,NULL,NULL,NULL,NULL,NULL,NULL,NULL,NULL,NULL,NULL,NULL,NULL,NULL,NULL,NULL,NULL,NULL,NULL,NULL,NULL,NULL,NULL,NULL,NULL),(496,5,50,'3 часа',1310,1534,1328,1553,1328,1571,1384,1609,1422,1647,2189,2414,2282,2507,4061,4286,3406,3630,NULL,NULL,NULL,NULL,NULL,NULL,NULL,NULL,NULL,NULL,NULL,NULL,NULL,NULL,NULL,NULL,NULL,NULL,NULL,NULL,NULL,NULL,NULL,NULL,NULL,NULL,NULL,NULL,NULL,NULL,NULL,NULL,NULL,NULL,NULL,NULL,NULL,NULL,NULL,NULL,NULL,NULL,NULL,NULL,NULL,NULL,NULL,NULL,NULL,NULL,NULL,NULL,NULL,NULL,NULL,NULL,NULL,NULL,NULL,NULL,NULL,NULL,NULL,NULL,NULL,NULL,NULL,NULL,NULL,NULL,NULL,NULL,NULL,NULL,NULL,NULL,NULL,NULL,NULL,NULL,NULL,NULL),(497,5,100,'3 часа',1643,2067,1678,2102,1678,2137,1783,2208,1855,2278,3304,3728,3481,3905,6840,7264,5603,6026,NULL,NULL,NULL,NULL,NULL,NULL,NULL,NULL,NULL,NULL,NULL,NULL,NULL,NULL,NULL,NULL,NULL,NULL,NULL,NULL,NULL,NULL,NULL,NULL,NULL,NULL,NULL,NULL,NULL,NULL,NULL,NULL,NULL,NULL,NULL,NULL,NULL,NULL,NULL,NULL,NULL,NULL,NULL,NULL,NULL,NULL,NULL,NULL,NULL,NULL,NULL,NULL,NULL,NULL,NULL,NULL,NULL,NULL,NULL,NULL,NULL,NULL,NULL,NULL,NULL,NULL,NULL,NULL,NULL,NULL,NULL,NULL,NULL,NULL,NULL,NULL,NULL,NULL,NULL,NULL,NULL,NULL),(498,5,200,'3 часа',2350,3198,2420,3269,2420,3339,2632,3481,2774,3623,5673,6522,6026,6875,12745,13594,10270,11118,NULL,NULL,NULL,NULL,NULL,NULL,NULL,NULL,NULL,NULL,NULL,NULL,NULL,NULL,NULL,NULL,NULL,NULL,NULL,NULL,NULL,NULL,NULL,NULL,NULL,NULL,NULL,NULL,NULL,NULL,NULL,NULL,NULL,NULL,NULL,NULL,NULL,NULL,NULL,NULL,NULL,NULL,NULL,NULL,NULL,NULL,NULL,NULL,NULL,NULL,NULL,NULL,NULL,NULL,NULL,NULL,NULL,NULL,NULL,NULL,NULL,NULL,NULL,NULL,NULL,NULL,NULL,NULL,NULL,NULL,NULL,NULL,NULL,NULL,NULL,NULL,NULL,NULL,NULL,NULL,NULL,NULL),(499,5,500,'3 часа',4430,6526,4604,6701,4604,6875,5128,7225,5478,7575,12641,14738,13514,15611,30113,32210,23998,26094,NULL,NULL,NULL,NULL,NULL,NULL,NULL,NULL,NULL,NULL,NULL,NULL,NULL,NULL,NULL,NULL,NULL,NULL,NULL,NULL,NULL,NULL,NULL,NULL,NULL,NULL,NULL,NULL,NULL,NULL,NULL,NULL,NULL,NULL,NULL,NULL,NULL,NULL,NULL,NULL,NULL,NULL,NULL,NULL,NULL,NULL,NULL,NULL,NULL,NULL,NULL,NULL,NULL,NULL,NULL,NULL,NULL,NULL,NULL,NULL,NULL,NULL,NULL,NULL,NULL,NULL,NULL,NULL,NULL,NULL,NULL,NULL,NULL,NULL,NULL,NULL,NULL,NULL,NULL,NULL,NULL,NULL),(500,5,1000,'3 часа',7883,12051,8230,12398,8230,12745,9271,13440,9967,14134,24208,28376,25945,30113,58944,63112,46787,50954,NULL,NULL,NULL,NULL,NULL,NULL,NULL,NULL,NULL,NULL,NULL,NULL,NULL,NULL,NULL,NULL,NULL,NULL,NULL,NULL,NULL,NULL,NULL,NULL,NULL,NULL,NULL,NULL,NULL,NULL,NULL,NULL,NULL,NULL,NULL,NULL,NULL,NULL,NULL,NULL,NULL,NULL,NULL,NULL,NULL,NULL,NULL,NULL,NULL,NULL,NULL,NULL,NULL,NULL,NULL,NULL,NULL,NULL,NULL,NULL,NULL,NULL,NULL,NULL,NULL,NULL,NULL,NULL,NULL,NULL,NULL,NULL,NULL,NULL,NULL,NULL,NULL,NULL,NULL,NULL,NULL,NULL),(501,5,2000,'3 часа',14830,23166,15524,23861,15524,24555,17608,25945,18998,27335,47481,55818,50954,59291,116953,125290,92638,100974,NULL,NULL,NULL,NULL,NULL,NULL,NULL,NULL,NULL,NULL,NULL,NULL,NULL,NULL,NULL,NULL,NULL,NULL,NULL,NULL,NULL,NULL,NULL,NULL,NULL,NULL,NULL,NULL,NULL,NULL,NULL,NULL,NULL,NULL,NULL,NULL,NULL,NULL,NULL,NULL,NULL,NULL,NULL,NULL,NULL,NULL,NULL,NULL,NULL,NULL,NULL,NULL,NULL,NULL,NULL,NULL,NULL,NULL,NULL,NULL,NULL,NULL,NULL,NULL,NULL,NULL,NULL,NULL,NULL,NULL,NULL,NULL,NULL,NULL,NULL,NULL,NULL,NULL,NULL,NULL,NULL,NULL),(502,5,5000,'3 часа',0,0,0,0,0,0,0,0,0,0,0,0,0,0,0,0,0,0,NULL,NULL,NULL,NULL,NULL,NULL,NULL,NULL,NULL,NULL,NULL,NULL,NULL,NULL,NULL,NULL,NULL,NULL,NULL,NULL,NULL,NULL,NULL,NULL,NULL,NULL,NULL,NULL,NULL,NULL,NULL,NULL,NULL,NULL,NULL,NULL,NULL,NULL,NULL,NULL,NULL,NULL,NULL,NULL,NULL,NULL,NULL,NULL,NULL,NULL,NULL,NULL,NULL,NULL,NULL,NULL,NULL,NULL,NULL,NULL,NULL,NULL,NULL,NULL,NULL,NULL,NULL,NULL,NULL,NULL,NULL,NULL,NULL,NULL,NULL,NULL,NULL,NULL,NULL,NULL,NULL,NULL),(503,5,10000,'3 часа',0,0,0,0,0,0,0,0,0,0,0,0,0,0,0,0,0,0,NULL,NULL,NULL,NULL,NULL,NULL,NULL,NULL,NULL,NULL,NULL,NULL,NULL,NULL,NULL,NULL,NULL,NULL,NULL,NULL,NULL,NULL,NULL,NULL,NULL,NULL,NULL,NULL,NULL,NULL,NULL,NULL,NULL,NULL,NULL,NULL,NULL,NULL,NULL,NULL,NULL,NULL,NULL,NULL,NULL,NULL,NULL,NULL,NULL,NULL,NULL,NULL,NULL,NULL,NULL,NULL,NULL,NULL,NULL,NULL,NULL,NULL,NULL,NULL,NULL,NULL,NULL,NULL,NULL,NULL,NULL,NULL,NULL,NULL,NULL,NULL,NULL,NULL,NULL,NULL,NULL,NULL),(504,5,20000,'3 часа',0,0,0,0,0,0,0,0,0,0,0,0,0,0,0,0,0,0,NULL,NULL,NULL,NULL,NULL,NULL,NULL,NULL,NULL,NULL,NULL,NULL,NULL,NULL,NULL,NULL,NULL,NULL,NULL,NULL,NULL,NULL,NULL,NULL,NULL,NULL,NULL,NULL,NULL,NULL,NULL,NULL,NULL,NULL,NULL,NULL,NULL,NULL,NULL,NULL,NULL,NULL,NULL,NULL,NULL,NULL,NULL,NULL,NULL,NULL,NULL,NULL,NULL,NULL,NULL,NULL,NULL,NULL,NULL,NULL,NULL,NULL,NULL,NULL,NULL,NULL,NULL,NULL,NULL,NULL,NULL,NULL,NULL,NULL,NULL,NULL,NULL,NULL,NULL,NULL,NULL,NULL),(505,5,50000,'3 часа',0,0,0,0,0,0,0,0,0,0,0,0,0,0,0,0,0,0,NULL,NULL,NULL,NULL,NULL,NULL,NULL,NULL,NULL,NULL,NULL,NULL,NULL,NULL,NULL,NULL,NULL,NULL,NULL,NULL,NULL,NULL,NULL,NULL,NULL,NULL,NULL,NULL,NULL,NULL,NULL,NULL,NULL,NULL,NULL,NULL,NULL,NULL,NULL,NULL,NULL,NULL,NULL,NULL,NULL,NULL,NULL,NULL,NULL,NULL,NULL,NULL,NULL,NULL,NULL,NULL,NULL,NULL,NULL,NULL,NULL,NULL,NULL,NULL,NULL,NULL,NULL,NULL,NULL,NULL,NULL,NULL,NULL,NULL,NULL,NULL,NULL,NULL,NULL,NULL,NULL,NULL),(506,5,100000,'3 часа',0,0,0,0,0,0,0,0,0,0,0,0,0,0,0,0,0,0,NULL,NULL,NULL,NULL,NULL,NULL,NULL,NULL,NULL,NULL,NULL,NULL,NULL,NULL,NULL,NULL,NULL,NULL,NULL,NULL,NULL,NULL,NULL,NULL,NULL,NULL,NULL,NULL,NULL,NULL,NULL,NULL,NULL,NULL,NULL,NULL,NULL,NULL,NULL,NULL,NULL,NULL,NULL,NULL,NULL,NULL,NULL,NULL,NULL,NULL,NULL,NULL,NULL,NULL,NULL,NULL,NULL,NULL,NULL,NULL,NULL,NULL,NULL,NULL,NULL,NULL,NULL,NULL,NULL,NULL,NULL,NULL,NULL,NULL,NULL,NULL,NULL,NULL,NULL,NULL,NULL,NULL),(507,5,50,'2 дня',1008,1180,1022,1195,1036,1209,1065,1238,1094,1267,1684,1857,1756,1929,3124,3297,2620,2793,NULL,NULL,NULL,NULL,NULL,NULL,NULL,NULL,NULL,NULL,NULL,NULL,NULL,NULL,NULL,NULL,NULL,NULL,NULL,NULL,NULL,NULL,NULL,NULL,NULL,NULL,NULL,NULL,NULL,NULL,NULL,NULL,NULL,NULL,NULL,NULL,NULL,NULL,NULL,NULL,NULL,NULL,NULL,NULL,NULL,NULL,NULL,NULL,NULL,NULL,NULL,NULL,NULL,NULL,NULL,NULL,NULL,NULL,NULL,NULL,NULL,NULL,NULL,NULL,NULL,NULL,NULL,NULL,NULL,NULL,NULL,NULL,NULL,NULL,NULL,NULL,NULL,NULL,NULL,NULL,NULL,NULL),(508,5,100,'2 дня',1264,1590,1291,1617,1318,1644,1372,1699,1427,1753,2542,2868,2678,3004,5262,5588,4310,4636,NULL,NULL,NULL,NULL,NULL,NULL,NULL,NULL,NULL,NULL,NULL,NULL,NULL,NULL,NULL,NULL,NULL,NULL,NULL,NULL,NULL,NULL,NULL,NULL,NULL,NULL,NULL,NULL,NULL,NULL,NULL,NULL,NULL,NULL,NULL,NULL,NULL,NULL,NULL,NULL,NULL,NULL,NULL,NULL,NULL,NULL,NULL,NULL,NULL,NULL,NULL,NULL,NULL,NULL,NULL,NULL,NULL,NULL,NULL,NULL,NULL,NULL,NULL,NULL,NULL,NULL,NULL,NULL,NULL,NULL,NULL,NULL,NULL,NULL,NULL,NULL,NULL,NULL,NULL,NULL,NULL,NULL),(509,5,200,'2 дня',1808,2460,1862,2515,1916,2569,2025,2678,2134,2787,4364,5017,4636,5289,9804,10457,7900,8553,NULL,NULL,NULL,NULL,NULL,NULL,NULL,NULL,NULL,NULL,NULL,NULL,NULL,NULL,NULL,NULL,NULL,NULL,NULL,NULL,NULL,NULL,NULL,NULL,NULL,NULL,NULL,NULL,NULL,NULL,NULL,NULL,NULL,NULL,NULL,NULL,NULL,NULL,NULL,NULL,NULL,NULL,NULL,NULL,NULL,NULL,NULL,NULL,NULL,NULL,NULL,NULL,NULL,NULL,NULL,NULL,NULL,NULL,NULL,NULL,NULL,NULL,NULL,NULL,NULL,NULL,NULL,NULL,NULL,NULL,NULL,NULL,NULL,NULL,NULL,NULL,NULL,NULL,NULL,NULL,NULL,NULL),(510,5,500,'2 дня',3408,5020,3542,5155,3676,5289,3945,5558,4214,5827,9724,11337,10396,12009,23164,24777,18460,20073,NULL,NULL,NULL,NULL,NULL,NULL,NULL,NULL,NULL,NULL,NULL,NULL,NULL,NULL,NULL,NULL,NULL,NULL,NULL,NULL,NULL,NULL,NULL,NULL,NULL,NULL,NULL,NULL,NULL,NULL,NULL,NULL,NULL,NULL,NULL,NULL,NULL,NULL,NULL,NULL,NULL,NULL,NULL,NULL,NULL,NULL,NULL,NULL,NULL,NULL,NULL,NULL,NULL,NULL,NULL,NULL,NULL,NULL,NULL,NULL,NULL,NULL,NULL,NULL,NULL,NULL,NULL,NULL,NULL,NULL,NULL,NULL,NULL,NULL,NULL,NULL,NULL,NULL,NULL,NULL,NULL,NULL),(511,5,1000,'2 дня',6064,8097,6331,8208,6598,8377,7132,8697,7667,8865,18622,21828,19958,23164,45342,48548,35990,39196,NULL,NULL,NULL,NULL,NULL,NULL,NULL,NULL,NULL,NULL,NULL,NULL,NULL,NULL,NULL,NULL,NULL,NULL,NULL,NULL,NULL,NULL,NULL,NULL,NULL,NULL,NULL,NULL,NULL,NULL,NULL,NULL,NULL,NULL,NULL,NULL,NULL,NULL,NULL,NULL,NULL,NULL,NULL,NULL,NULL,NULL,NULL,NULL,NULL,NULL,NULL,NULL,NULL,NULL,NULL,NULL,NULL,NULL,NULL,NULL,NULL,NULL,NULL,NULL,NULL,NULL,NULL,NULL,NULL,NULL,NULL,NULL,NULL,NULL,NULL,NULL,NULL,NULL,NULL,NULL,NULL,NULL),(512,5,2000,'2 дня',8459,10596,8678,10816,9017,11155,9659,11796,9995,12132,36524,42937,39196,45609,89964,96377,71260,77673,NULL,NULL,NULL,NULL,NULL,NULL,NULL,NULL,NULL,NULL,NULL,NULL,NULL,NULL,NULL,NULL,NULL,NULL,NULL,NULL,NULL,NULL,NULL,NULL,NULL,NULL,NULL,NULL,NULL,NULL,NULL,NULL,NULL,NULL,NULL,NULL,NULL,NULL,NULL,NULL,NULL,NULL,NULL,NULL,NULL,NULL,NULL,NULL,NULL,NULL,NULL,NULL,NULL,NULL,NULL,NULL,NULL,NULL,NULL,NULL,NULL,NULL,NULL,NULL,NULL,NULL,NULL,NULL,NULL,NULL,NULL,NULL,NULL,NULL,NULL,NULL,NULL,NULL,NULL,NULL,NULL,NULL),(513,5,5000,'2 дня',11943,15693,12457,16207,13252,17002,14752,18502,15540,19290,0,0,0,0,0,0,0,0,NULL,NULL,NULL,NULL,NULL,NULL,NULL,NULL,NULL,NULL,NULL,NULL,NULL,NULL,NULL,NULL,NULL,NULL,NULL,NULL,NULL,NULL,NULL,NULL,NULL,NULL,NULL,NULL,NULL,NULL,NULL,NULL,NULL,NULL,NULL,NULL,NULL,NULL,NULL,NULL,NULL,NULL,NULL,NULL,NULL,NULL,NULL,NULL,NULL,NULL,NULL,NULL,NULL,NULL,NULL,NULL,NULL,NULL,NULL,NULL,NULL,NULL,NULL,NULL,NULL,NULL,NULL,NULL,NULL,NULL,NULL,NULL,NULL,NULL,NULL,NULL,NULL,NULL,NULL,NULL,NULL,NULL),(514,5,10000,'2 дня',16223,20893,17183,21854,18669,23339,21467,26138,22939,27609,0,0,0,0,0,0,0,0,NULL,NULL,NULL,NULL,NULL,NULL,NULL,NULL,NULL,NULL,NULL,NULL,NULL,NULL,NULL,NULL,NULL,NULL,NULL,NULL,NULL,NULL,NULL,NULL,NULL,NULL,NULL,NULL,NULL,NULL,NULL,NULL,NULL,NULL,NULL,NULL,NULL,NULL,NULL,NULL,NULL,NULL,NULL,NULL,NULL,NULL,NULL,NULL,NULL,NULL,NULL,NULL,NULL,NULL,NULL,NULL,NULL,NULL,NULL,NULL,NULL,NULL,NULL,NULL,NULL,NULL,NULL,NULL,NULL,NULL,NULL,NULL,NULL,NULL,NULL,NULL,NULL,NULL,NULL,NULL,NULL,NULL),(515,5,20000,'2 дня',22321,29698,24102,31480,26859,34239,32054,39438,34785,42169,0,0,0,0,0,0,0,0,NULL,NULL,NULL,NULL,NULL,NULL,NULL,NULL,NULL,NULL,NULL,NULL,NULL,NULL,NULL,NULL,NULL,NULL,NULL,NULL,NULL,NULL,NULL,NULL,NULL,NULL,NULL,NULL,NULL,NULL,NULL,NULL,NULL,NULL,NULL,NULL,NULL,NULL,NULL,NULL,NULL,NULL,NULL,NULL,NULL,NULL,NULL,NULL,NULL,NULL,NULL,NULL,NULL,NULL,NULL,NULL,NULL,NULL,NULL,NULL,NULL,NULL,NULL,NULL,NULL,NULL,NULL,NULL,NULL,NULL,NULL,NULL,NULL,NULL,NULL,NULL,NULL,NULL,NULL,NULL,NULL,NULL),(516,5,50000,'2 дня',41180,54726,45633,59179,52526,66072,65517,79063,72345,85891,0,0,0,0,0,0,0,0,NULL,NULL,NULL,NULL,NULL,NULL,NULL,NULL,NULL,NULL,NULL,NULL,NULL,NULL,NULL,NULL,NULL,NULL,NULL,NULL,NULL,NULL,NULL,NULL,NULL,NULL,NULL,NULL,NULL,NULL,NULL,NULL,NULL,NULL,NULL,NULL,NULL,NULL,NULL,NULL,NULL,NULL,NULL,NULL,NULL,NULL,NULL,NULL,NULL,NULL,NULL,NULL,NULL,NULL,NULL,NULL,NULL,NULL,NULL,NULL,NULL,NULL,NULL,NULL,NULL,NULL,NULL,NULL,NULL,NULL,NULL,NULL,NULL,NULL,NULL,NULL,NULL,NULL,NULL,NULL,NULL,NULL),(517,5,100000,'2 дня',69348,96434,78253,105339,92034,119120,118010,145095,131661,158746,0,0,0,0,0,0,0,0,NULL,NULL,NULL,NULL,NULL,NULL,NULL,NULL,NULL,NULL,NULL,NULL,NULL,NULL,NULL,NULL,NULL,NULL,NULL,NULL,NULL,NULL,NULL,NULL,NULL,NULL,NULL,NULL,NULL,NULL,NULL,NULL,NULL,NULL,NULL,NULL,NULL,NULL,NULL,NULL,NULL,NULL,NULL,NULL,NULL,NULL,NULL,NULL,NULL,NULL,NULL,NULL,NULL,NULL,NULL,NULL,NULL,NULL,NULL,NULL,NULL,NULL,NULL,NULL,NULL,NULL,NULL,NULL,NULL,NULL,NULL,NULL,NULL,NULL,NULL,NULL,NULL,NULL,NULL,NULL,NULL,NULL),(518,5,50,'3 дня',957,1121,970,1135,984,1148,1011,1176,1039,1203,1599,1764,1668,1832,2967,3132,2489,2653,NULL,NULL,NULL,NULL,NULL,NULL,NULL,NULL,NULL,NULL,NULL,NULL,NULL,NULL,NULL,NULL,NULL,NULL,NULL,NULL,NULL,NULL,NULL,NULL,NULL,NULL,NULL,NULL,NULL,NULL,NULL,NULL,NULL,NULL,NULL,NULL,NULL,NULL,NULL,NULL,NULL,NULL,NULL,NULL,NULL,NULL,NULL,NULL,NULL,NULL,NULL,NULL,NULL,NULL,NULL,NULL,NULL,NULL,NULL,NULL,NULL,NULL,NULL,NULL,NULL,NULL,NULL,NULL,NULL,NULL,NULL,NULL,NULL,NULL,NULL,NULL,NULL,NULL,NULL,NULL,NULL,NULL),(519,5,100,'3 дня',1200,1510,1226,1536,1252,1561,1303,1614,1355,1665,2414,2724,2544,2853,4998,5308,4094,4404,NULL,NULL,NULL,NULL,NULL,NULL,NULL,NULL,NULL,NULL,NULL,NULL,NULL,NULL,NULL,NULL,NULL,NULL,NULL,NULL,NULL,NULL,NULL,NULL,NULL,NULL,NULL,NULL,NULL,NULL,NULL,NULL,NULL,NULL,NULL,NULL,NULL,NULL,NULL,NULL,NULL,NULL,NULL,NULL,NULL,NULL,NULL,NULL,NULL,NULL,NULL,NULL,NULL,NULL,NULL,NULL,NULL,NULL,NULL,NULL,NULL,NULL,NULL,NULL,NULL,NULL,NULL,NULL,NULL,NULL,NULL,NULL,NULL,NULL,NULL,NULL,NULL,NULL,NULL,NULL,NULL,NULL),(520,5,200,'3 дня',1717,2337,1768,2389,1820,2440,1923,2544,2027,2647,4145,4766,4404,5024,9313,9934,7505,8125,NULL,NULL,NULL,NULL,NULL,NULL,NULL,NULL,NULL,NULL,NULL,NULL,NULL,NULL,NULL,NULL,NULL,NULL,NULL,NULL,NULL,NULL,NULL,NULL,NULL,NULL,NULL,NULL,NULL,NULL,NULL,NULL,NULL,NULL,NULL,NULL,NULL,NULL,NULL,NULL,NULL,NULL,NULL,NULL,NULL,NULL,NULL,NULL,NULL,NULL,NULL,NULL,NULL,NULL,NULL,NULL,NULL,NULL,NULL,NULL,NULL,NULL,NULL,NULL,NULL,NULL,NULL,NULL,NULL,NULL,NULL,NULL,NULL,NULL,NULL,NULL,NULL,NULL,NULL,NULL,NULL,NULL),(521,5,500,'3 дня',3237,4769,3364,4897,3492,5024,3747,5280,4003,5535,9237,10770,9876,11408,22005,23538,17537,19069,NULL,NULL,NULL,NULL,NULL,NULL,NULL,NULL,NULL,NULL,NULL,NULL,NULL,NULL,NULL,NULL,NULL,NULL,NULL,NULL,NULL,NULL,NULL,NULL,NULL,NULL,NULL,NULL,NULL,NULL,NULL,NULL,NULL,NULL,NULL,NULL,NULL,NULL,NULL,NULL,NULL,NULL,NULL,NULL,NULL,NULL,NULL,NULL,NULL,NULL,NULL,NULL,NULL,NULL,NULL,NULL,NULL,NULL,NULL,NULL,NULL,NULL,NULL,NULL,NULL,NULL,NULL,NULL,NULL,NULL,NULL,NULL,NULL,NULL,NULL,NULL,NULL,NULL,NULL,NULL,NULL,NULL),(522,5,1000,'3 дня',5760,7692,6014,7797,6268,7958,6775,8262,7283,8421,17690,20736,18960,22005,43074,46120,34190,37236,NULL,NULL,NULL,NULL,NULL,NULL,NULL,NULL,NULL,NULL,NULL,NULL,NULL,NULL,NULL,NULL,NULL,NULL,NULL,NULL,NULL,NULL,NULL,NULL,NULL,NULL,NULL,NULL,NULL,NULL,NULL,NULL,NULL,NULL,NULL,NULL,NULL,NULL,NULL,NULL,NULL,NULL,NULL,NULL,NULL,NULL,NULL,NULL,NULL,NULL,NULL,NULL,NULL,NULL,NULL,NULL,NULL,NULL,NULL,NULL,NULL,NULL,NULL,NULL,NULL,NULL,NULL,NULL,NULL,NULL,NULL,NULL,NULL,NULL,NULL,NULL,NULL,NULL,NULL,NULL,NULL,NULL),(523,5,2000,'3 дня',8036,10066,8244,10275,8566,10597,9176,11206,9495,11525,34697,40790,37236,43328,85465,91558,67697,73789,NULL,NULL,NULL,NULL,NULL,NULL,NULL,NULL,NULL,NULL,NULL,NULL,NULL,NULL,NULL,NULL,NULL,NULL,NULL,NULL,NULL,NULL,NULL,NULL,NULL,NULL,NULL,NULL,NULL,NULL,NULL,NULL,NULL,NULL,NULL,NULL,NULL,NULL,NULL,NULL,NULL,NULL,NULL,NULL,NULL,NULL,NULL,NULL,NULL,NULL,NULL,NULL,NULL,NULL,NULL,NULL,NULL,NULL,NULL,NULL,NULL,NULL,NULL,NULL,NULL,NULL,NULL,NULL,NULL,NULL,NULL,NULL,NULL,NULL,NULL,NULL,NULL,NULL,NULL,NULL,NULL,NULL),(524,5,5000,'3 дня',11345,14908,11834,15396,12589,16151,14014,17576,14763,18325,0,0,0,0,0,0,0,0,NULL,NULL,NULL,NULL,NULL,NULL,NULL,NULL,NULL,NULL,NULL,NULL,NULL,NULL,NULL,NULL,NULL,NULL,NULL,NULL,NULL,NULL,NULL,NULL,NULL,NULL,NULL,NULL,NULL,NULL,NULL,NULL,NULL,NULL,NULL,NULL,NULL,NULL,NULL,NULL,NULL,NULL,NULL,NULL,NULL,NULL,NULL,NULL,NULL,NULL,NULL,NULL,NULL,NULL,NULL,NULL,NULL,NULL,NULL,NULL,NULL,NULL,NULL,NULL,NULL,NULL,NULL,NULL,NULL,NULL,NULL,NULL,NULL,NULL,NULL,NULL,NULL,NULL,NULL,NULL,NULL,NULL),(525,5,10000,'3 дня',15411,19848,16323,20761,17735,22172,20393,24831,21792,26228,0,0,0,0,0,0,0,0,NULL,NULL,NULL,NULL,NULL,NULL,NULL,NULL,NULL,NULL,NULL,NULL,NULL,NULL,NULL,NULL,NULL,NULL,NULL,NULL,NULL,NULL,NULL,NULL,NULL,NULL,NULL,NULL,NULL,NULL,NULL,NULL,NULL,NULL,NULL,NULL,NULL,NULL,NULL,NULL,NULL,NULL,NULL,NULL,NULL,NULL,NULL,NULL,NULL,NULL,NULL,NULL,NULL,NULL,NULL,NULL,NULL,NULL,NULL,NULL,NULL,NULL,NULL,NULL,NULL,NULL,NULL,NULL,NULL,NULL,NULL,NULL,NULL,NULL,NULL,NULL,NULL,NULL,NULL,NULL,NULL,NULL),(526,5,20000,'3 дня',21204,28213,22896,29906,25516,32527,30451,37466,33045,40060,0,0,0,0,0,0,0,0,NULL,NULL,NULL,NULL,NULL,NULL,NULL,NULL,NULL,NULL,NULL,NULL,NULL,NULL,NULL,NULL,NULL,NULL,NULL,NULL,NULL,NULL,NULL,NULL,NULL,NULL,NULL,NULL,NULL,NULL,NULL,NULL,NULL,NULL,NULL,NULL,NULL,NULL,NULL,NULL,NULL,NULL,NULL,NULL,NULL,NULL,NULL,NULL,NULL,NULL,NULL,NULL,NULL,NULL,NULL,NULL,NULL,NULL,NULL,NULL,NULL,NULL,NULL,NULL,NULL,NULL,NULL,NULL,NULL,NULL,NULL,NULL,NULL,NULL,NULL,NULL,NULL,NULL,NULL,NULL,NULL,NULL),(527,5,50000,'3 дня',39121,51989,43351,56220,49899,62768,62241,75109,68727,81596,0,0,0,0,0,0,0,0,NULL,NULL,NULL,NULL,NULL,NULL,NULL,NULL,NULL,NULL,NULL,NULL,NULL,NULL,NULL,NULL,NULL,NULL,NULL,NULL,NULL,NULL,NULL,NULL,NULL,NULL,NULL,NULL,NULL,NULL,NULL,NULL,NULL,NULL,NULL,NULL,NULL,NULL,NULL,NULL,NULL,NULL,NULL,NULL,NULL,NULL,NULL,NULL,NULL,NULL,NULL,NULL,NULL,NULL,NULL,NULL,NULL,NULL,NULL,NULL,NULL,NULL,NULL,NULL,NULL,NULL,NULL,NULL,NULL,NULL,NULL,NULL,NULL,NULL,NULL,NULL,NULL,NULL,NULL,NULL,NULL,NULL),(528,5,100000,'3 дня',65880,91612,74340,100072,87432,113164,112109,137840,125077,150808,0,0,0,0,0,0,0,0,NULL,NULL,NULL,NULL,NULL,NULL,NULL,NULL,NULL,NULL,NULL,NULL,NULL,NULL,NULL,NULL,NULL,NULL,NULL,NULL,NULL,NULL,NULL,NULL,NULL,NULL,NULL,NULL,NULL,NULL,NULL,NULL,NULL,NULL,NULL,NULL,NULL,NULL,NULL,NULL,NULL,NULL,NULL,NULL,NULL,NULL,NULL,NULL,NULL,NULL,NULL,NULL,NULL,NULL,NULL,NULL,NULL,NULL,NULL,NULL,NULL,NULL,NULL,NULL,NULL,NULL,NULL,NULL,NULL,NULL,NULL,NULL,NULL,NULL,NULL,NULL,NULL,NULL,NULL,NULL,NULL,NULL),(529,35,50,'3 часа',606,852,882,1452,1242,678,924,954,1524,1314,NULL,NULL,NULL,NULL,NULL,NULL,NULL,NULL,NULL,NULL,NULL,NULL,NULL,NULL,NULL,NULL,NULL,NULL,NULL,NULL,NULL,NULL,NULL,NULL,NULL,NULL,NULL,NULL,NULL,NULL,NULL,NULL,NULL,NULL,NULL,NULL,NULL,NULL,NULL,NULL,NULL,NULL,NULL,NULL,NULL,NULL,NULL,NULL,NULL,NULL,NULL,NULL,NULL,NULL,NULL,NULL,NULL,NULL,NULL,NULL,NULL,NULL,NULL,NULL,NULL,NULL,NULL,NULL,NULL,NULL,NULL,NULL,NULL,NULL,NULL,NULL,NULL,NULL,NULL,NULL,NULL,NULL,NULL,NULL,NULL,NULL,NULL,NULL,NULL,NULL),(530,35,100,'3 часа',762,1838,1908,2454,2034,906,1398,1458,2598,2178,NULL,NULL,NULL,NULL,NULL,NULL,NULL,NULL,NULL,NULL,NULL,NULL,NULL,NULL,NULL,NULL,NULL,NULL,NULL,NULL,NULL,NULL,NULL,NULL,NULL,NULL,NULL,NULL,NULL,NULL,NULL,NULL,NULL,NULL,NULL,NULL,NULL,NULL,NULL,NULL,NULL,NULL,NULL,NULL,NULL,NULL,NULL,NULL,NULL,NULL,NULL,NULL,NULL,NULL,NULL,NULL,NULL,NULL,NULL,NULL,NULL,NULL,NULL,NULL,NULL,NULL,NULL,NULL,NULL,NULL,NULL,NULL,NULL,NULL,NULL,NULL,NULL,NULL,NULL,NULL,NULL,NULL,NULL,NULL,NULL,NULL,NULL,NULL,NULL,NULL),(531,35,200,'3 часа',1048,5284,5544,4291,3486,1324,2267,2382,4567,3762,NULL,NULL,NULL,NULL,NULL,NULL,NULL,NULL,NULL,NULL,NULL,NULL,NULL,NULL,NULL,NULL,NULL,NULL,NULL,NULL,NULL,NULL,NULL,NULL,NULL,NULL,NULL,NULL,NULL,NULL,NULL,NULL,NULL,NULL,NULL,NULL,NULL,NULL,NULL,NULL,NULL,NULL,NULL,NULL,NULL,NULL,NULL,NULL,NULL,NULL,NULL,NULL,NULL,NULL,NULL,NULL,NULL,NULL,NULL,NULL,NULL,NULL,NULL,NULL,NULL,NULL,NULL,NULL,NULL,NULL,NULL,NULL,NULL,NULL,NULL,NULL,NULL,NULL,NULL,NULL,NULL,NULL,NULL,NULL,NULL,NULL,NULL,NULL,NULL,NULL),(532,35,300,'3 часа',1334,7926,8316,6128,4938,1742,3136,3306,6536,5346,NULL,NULL,NULL,NULL,NULL,NULL,NULL,NULL,NULL,NULL,NULL,NULL,NULL,NULL,NULL,NULL,NULL,NULL,NULL,NULL,NULL,NULL,NULL,NULL,NULL,NULL,NULL,NULL,NULL,NULL,NULL,NULL,NULL,NULL,NULL,NULL,NULL,NULL,NULL,NULL,NULL,NULL,NULL,NULL,NULL,NULL,NULL,NULL,NULL,NULL,NULL,NULL,NULL,NULL,NULL,NULL,NULL,NULL,NULL,NULL,NULL,NULL,NULL,NULL,NULL,NULL,NULL,NULL,NULL,NULL,NULL,NULL,NULL,NULL,NULL,NULL,NULL,NULL,NULL,NULL,NULL,NULL,NULL,NULL,NULL,NULL,NULL,NULL,NULL,NULL),(533,35,400,'3 часа',1620,17000,18000,7965,6390,2160,4005,4230,8505,6930,NULL,NULL,NULL,NULL,NULL,NULL,NULL,NULL,NULL,NULL,NULL,NULL,NULL,NULL,NULL,NULL,NULL,NULL,NULL,NULL,NULL,NULL,NULL,NULL,NULL,NULL,NULL,NULL,NULL,NULL,NULL,NULL,NULL,NULL,NULL,NULL,NULL,NULL,NULL,NULL,NULL,NULL,NULL,NULL,NULL,NULL,NULL,NULL,NULL,NULL,NULL,NULL,NULL,NULL,NULL,NULL,NULL,NULL,NULL,NULL,NULL,NULL,NULL,NULL,NULL,NULL,NULL,NULL,NULL,NULL,NULL,NULL,NULL,NULL,NULL,NULL,NULL,NULL,NULL,NULL,NULL,NULL,NULL,NULL,NULL,NULL,NULL,NULL,NULL,NULL),(534,35,500,'3 часа',1906,21250,22500,9802,7842,2578,4874,5154,10474,8514,NULL,NULL,NULL,NULL,NULL,NULL,NULL,NULL,NULL,NULL,NULL,NULL,NULL,NULL,NULL,NULL,NULL,NULL,NULL,NULL,NULL,NULL,NULL,NULL,NULL,NULL,NULL,NULL,NULL,NULL,NULL,NULL,NULL,NULL,NULL,NULL,NULL,NULL,NULL,NULL,NULL,NULL,NULL,NULL,NULL,NULL,NULL,NULL,NULL,NULL,NULL,NULL,NULL,NULL,NULL,NULL,NULL,NULL,NULL,NULL,NULL,NULL,NULL,NULL,NULL,NULL,NULL,NULL,NULL,NULL,NULL,NULL,NULL,NULL,NULL,NULL,NULL,NULL,NULL,NULL,NULL,NULL,NULL,NULL,NULL,NULL,NULL,NULL,NULL,NULL),(535,35,1000,'3 часа',3362,73000,78000,19154,15234,4706,9298,9858,20498,16578,NULL,NULL,NULL,NULL,NULL,NULL,NULL,NULL,NULL,NULL,NULL,NULL,NULL,NULL,NULL,NULL,NULL,NULL,NULL,NULL,NULL,NULL,NULL,NULL,NULL,NULL,NULL,NULL,NULL,NULL,NULL,NULL,NULL,NULL,NULL,NULL,NULL,NULL,NULL,NULL,NULL,NULL,NULL,NULL,NULL,NULL,NULL,NULL,NULL,NULL,NULL,NULL,NULL,NULL,NULL,NULL,NULL,NULL,NULL,NULL,NULL,NULL,NULL,NULL,NULL,NULL,NULL,NULL,NULL,NULL,NULL,NULL,NULL,NULL,NULL,NULL,NULL,NULL,NULL,NULL,NULL,NULL,NULL,NULL,NULL,NULL,NULL,NULL,NULL,NULL),(536,35,50,'1 день',606,852,882,1452,1242,678,924,954,1524,1314,NULL,NULL,NULL,NULL,NULL,NULL,NULL,NULL,NULL,NULL,NULL,NULL,NULL,NULL,NULL,NULL,NULL,NULL,NULL,NULL,NULL,NULL,NULL,NULL,NULL,NULL,NULL,NULL,NULL,NULL,NULL,NULL,NULL,NULL,NULL,NULL,NULL,NULL,NULL,NULL,NULL,NULL,NULL,NULL,NULL,NULL,NULL,NULL,NULL,NULL,NULL,NULL,NULL,NULL,NULL,NULL,NULL,NULL,NULL,NULL,NULL,NULL,NULL,NULL,NULL,NULL,NULL,NULL,NULL,NULL,NULL,NULL,NULL,NULL,NULL,NULL,NULL,NULL,NULL,NULL,NULL,NULL,NULL,NULL,NULL,NULL,NULL,NULL,NULL,NULL),(537,35,100,'1 день',762,1838,1314,2454,2034,906,1398,1458,2598,2178,NULL,NULL,NULL,NULL,NULL,NULL,NULL,NULL,NULL,NULL,NULL,NULL,NULL,NULL,NULL,NULL,NULL,NULL,NULL,NULL,NULL,NULL,NULL,NULL,NULL,NULL,NULL,NULL,NULL,NULL,NULL,NULL,NULL,NULL,NULL,NULL,NULL,NULL,NULL,NULL,NULL,NULL,NULL,NULL,NULL,NULL,NULL,NULL,NULL,NULL,NULL,NULL,NULL,NULL,NULL,NULL,NULL,NULL,NULL,NULL,NULL,NULL,NULL,NULL,NULL,NULL,NULL,NULL,NULL,NULL,NULL,NULL,NULL,NULL,NULL,NULL,NULL,NULL,NULL,NULL,NULL,NULL,NULL,NULL,NULL,NULL,NULL,NULL,NULL,NULL),(538,35,200,'1 день',1048,5284,2106,4291,3486,1324,2267,2382,4567,3762,NULL,NULL,NULL,NULL,NULL,NULL,NULL,NULL,NULL,NULL,NULL,NULL,NULL,NULL,NULL,NULL,NULL,NULL,NULL,NULL,NULL,NULL,NULL,NULL,NULL,NULL,NULL,NULL,NULL,NULL,NULL,NULL,NULL,NULL,NULL,NULL,NULL,NULL,NULL,NULL,NULL,NULL,NULL,NULL,NULL,NULL,NULL,NULL,NULL,NULL,NULL,NULL,NULL,NULL,NULL,NULL,NULL,NULL,NULL,NULL,NULL,NULL,NULL,NULL,NULL,NULL,NULL,NULL,NULL,NULL,NULL,NULL,NULL,NULL,NULL,NULL,NULL,NULL,NULL,NULL,NULL,NULL,NULL,NULL,NULL,NULL,NULL,NULL,NULL,NULL),(539,35,300,'1 день',1334,7926,2898,6128,4938,1742,3136,3306,6536,5346,NULL,NULL,NULL,NULL,NULL,NULL,NULL,NULL,NULL,NULL,NULL,NULL,NULL,NULL,NULL,NULL,NULL,NULL,NULL,NULL,NULL,NULL,NULL,NULL,NULL,NULL,NULL,NULL,NULL,NULL,NULL,NULL,NULL,NULL,NULL,NULL,NULL,NULL,NULL,NULL,NULL,NULL,NULL,NULL,NULL,NULL,NULL,NULL,NULL,NULL,NULL,NULL,NULL,NULL,NULL,NULL,NULL,NULL,NULL,NULL,NULL,NULL,NULL,NULL,NULL,NULL,NULL,NULL,NULL,NULL,NULL,NULL,NULL,NULL,NULL,NULL,NULL,NULL,NULL,NULL,NULL,NULL,NULL,NULL,NULL,NULL,NULL,NULL,NULL,NULL),(540,35,400,'1 день',1620,17000,3690,7965,6390,2160,4005,4230,8505,6930,NULL,NULL,NULL,NULL,NULL,NULL,NULL,NULL,NULL,NULL,NULL,NULL,NULL,NULL,NULL,NULL,NULL,NULL,NULL,NULL,NULL,NULL,NULL,NULL,NULL,NULL,NULL,NULL,NULL,NULL,NULL,NULL,NULL,NULL,NULL,NULL,NULL,NULL,NULL,NULL,NULL,NULL,NULL,NULL,NULL,NULL,NULL,NULL,NULL,NULL,NULL,NULL,NULL,NULL,NULL,NULL,NULL,NULL,NULL,NULL,NULL,NULL,NULL,NULL,NULL,NULL,NULL,NULL,NULL,NULL,NULL,NULL,NULL,NULL,NULL,NULL,NULL,NULL,NULL,NULL,NULL,NULL,NULL,NULL,NULL,NULL,NULL,NULL,NULL,NULL),(541,35,500,'1 день',1906,21250,4482,9802,7842,2578,4874,5154,10474,8514,NULL,NULL,NULL,NULL,NULL,NULL,NULL,NULL,NULL,NULL,NULL,NULL,NULL,NULL,NULL,NULL,NULL,NULL,NULL,NULL,NULL,NULL,NULL,NULL,NULL,NULL,NULL,NULL,NULL,NULL,NULL,NULL,NULL,NULL,NULL,NULL,NULL,NULL,NULL,NULL,NULL,NULL,NULL,NULL,NULL,NULL,NULL,NULL,NULL,NULL,NULL,NULL,NULL,NULL,NULL,NULL,NULL,NULL,NULL,NULL,NULL,NULL,NULL,NULL,NULL,NULL,NULL,NULL,NULL,NULL,NULL,NULL,NULL,NULL,NULL,NULL,NULL,NULL,NULL,NULL,NULL,NULL,NULL,NULL,NULL,NULL,NULL,NULL,NULL,NULL),(542,35,1000,'1 день',3362,73000,8514,19154,15234,4706,9298,9858,20498,16578,NULL,NULL,NULL,NULL,NULL,NULL,NULL,NULL,NULL,NULL,NULL,NULL,NULL,NULL,NULL,NULL,NULL,NULL,NULL,NULL,NULL,NULL,NULL,NULL,NULL,NULL,NULL,NULL,NULL,NULL,NULL,NULL,NULL,NULL,NULL,NULL,NULL,NULL,NULL,NULL,NULL,NULL,NULL,NULL,NULL,NULL,NULL,NULL,NULL,NULL,NULL,NULL,NULL,NULL,NULL,NULL,NULL,NULL,NULL,NULL,NULL,NULL,NULL,NULL,NULL,NULL,NULL,NULL,NULL,NULL,NULL,NULL,NULL,NULL,NULL,NULL,NULL,NULL,NULL,NULL,NULL,NULL,NULL,NULL,NULL,NULL,NULL,NULL,NULL,NULL),(543,37,50,'3 часа',788,497.75,526.5,2621,2166,944,1477,1542,2777,2322,NULL,NULL,NULL,NULL,NULL,NULL,NULL,NULL,NULL,NULL,NULL,NULL,NULL,NULL,NULL,NULL,NULL,NULL,NULL,NULL,NULL,NULL,NULL,NULL,NULL,NULL,NULL,NULL,NULL,NULL,NULL,NULL,NULL,NULL,NULL,NULL,NULL,NULL,NULL,NULL,NULL,NULL,NULL,NULL,NULL,NULL,NULL,NULL,NULL,NULL,NULL,NULL,NULL,NULL,NULL,NULL,NULL,NULL,NULL,NULL,NULL,NULL,NULL,NULL,NULL,NULL,NULL,NULL,NULL,NULL,NULL,NULL,NULL,NULL,NULL,NULL,NULL,NULL,NULL,NULL,NULL,NULL,NULL,NULL,NULL,NULL,NULL,NULL,NULL,NULL),(544,37,100,'3 часа',1100,1062.5,1125,4625,3750,1400,2425,2550,4925,4050,NULL,NULL,NULL,NULL,NULL,NULL,NULL,NULL,NULL,NULL,NULL,NULL,NULL,NULL,NULL,NULL,NULL,NULL,NULL,NULL,NULL,NULL,NULL,NULL,NULL,NULL,NULL,NULL,NULL,NULL,NULL,NULL,NULL,NULL,NULL,NULL,NULL,NULL,NULL,NULL,NULL,NULL,NULL,NULL,NULL,NULL,NULL,NULL,NULL,NULL,NULL,NULL,NULL,NULL,NULL,NULL,NULL,NULL,NULL,NULL,NULL,NULL,NULL,NULL,NULL,NULL,NULL,NULL,NULL,NULL,NULL,NULL,NULL,NULL,NULL,NULL,NULL,NULL,NULL,NULL,NULL,NULL,NULL,NULL,NULL,NULL,NULL,NULL,NULL,NULL),(545,37,200,'3 часа',1750,3800,4050,8800,7050,2350,4400,4650,9400,7650,NULL,NULL,NULL,NULL,NULL,NULL,NULL,NULL,NULL,NULL,NULL,NULL,NULL,NULL,NULL,NULL,NULL,NULL,NULL,NULL,NULL,NULL,NULL,NULL,NULL,NULL,NULL,NULL,NULL,NULL,NULL,NULL,NULL,NULL,NULL,NULL,NULL,NULL,NULL,NULL,NULL,NULL,NULL,NULL,NULL,NULL,NULL,NULL,NULL,NULL,NULL,NULL,NULL,NULL,NULL,NULL,NULL,NULL,NULL,NULL,NULL,NULL,NULL,NULL,NULL,NULL,NULL,NULL,NULL,NULL,NULL,NULL,NULL,NULL,NULL,NULL,NULL,NULL,NULL,NULL,NULL,NULL,NULL,NULL,NULL,NULL,NULL,NULL,NULL,NULL),(546,37,300,'3 часа',2400,5700,6075,12975,10350,3300,6375,6750,13875,11250,NULL,NULL,NULL,NULL,NULL,NULL,NULL,NULL,NULL,NULL,NULL,NULL,NULL,NULL,NULL,NULL,NULL,NULL,NULL,NULL,NULL,NULL,NULL,NULL,NULL,NULL,NULL,NULL,NULL,NULL,NULL,NULL,NULL,NULL,NULL,NULL,NULL,NULL,NULL,NULL,NULL,NULL,NULL,NULL,NULL,NULL,NULL,NULL,NULL,NULL,NULL,NULL,NULL,NULL,NULL,NULL,NULL,NULL,NULL,NULL,NULL,NULL,NULL,NULL,NULL,NULL,NULL,NULL,NULL,NULL,NULL,NULL,NULL,NULL,NULL,NULL,NULL,NULL,NULL,NULL,NULL,NULL,NULL,NULL,NULL,NULL,NULL,NULL,NULL,NULL),(547,37,400,'3 часа',3050,14300,15300,17150,13650,4250,8350,8850,18350,14850,NULL,NULL,NULL,NULL,NULL,NULL,NULL,NULL,NULL,NULL,NULL,NULL,NULL,NULL,NULL,NULL,NULL,NULL,NULL,NULL,NULL,NULL,NULL,NULL,NULL,NULL,NULL,NULL,NULL,NULL,NULL,NULL,NULL,NULL,NULL,NULL,NULL,NULL,NULL,NULL,NULL,NULL,NULL,NULL,NULL,NULL,NULL,NULL,NULL,NULL,NULL,NULL,NULL,NULL,NULL,NULL,NULL,NULL,NULL,NULL,NULL,NULL,NULL,NULL,NULL,NULL,NULL,NULL,NULL,NULL,NULL,NULL,NULL,NULL,NULL,NULL,NULL,NULL,NULL,NULL,NULL,NULL,NULL,NULL,NULL,NULL,NULL,NULL,NULL,NULL),(548,37,500,'3 часа',3700,17875,19125,21325,16950,5200,10325,10950,22825,18450,NULL,NULL,NULL,NULL,NULL,NULL,NULL,NULL,NULL,NULL,NULL,NULL,NULL,NULL,NULL,NULL,NULL,NULL,NULL,NULL,NULL,NULL,NULL,NULL,NULL,NULL,NULL,NULL,NULL,NULL,NULL,NULL,NULL,NULL,NULL,NULL,NULL,NULL,NULL,NULL,NULL,NULL,NULL,NULL,NULL,NULL,NULL,NULL,NULL,NULL,NULL,NULL,NULL,NULL,NULL,NULL,NULL,NULL,NULL,NULL,NULL,NULL,NULL,NULL,NULL,NULL,NULL,NULL,NULL,NULL,NULL,NULL,NULL,NULL,NULL,NULL,NULL,NULL,NULL,NULL,NULL,NULL,NULL,NULL,NULL,NULL,NULL,NULL,NULL,NULL),(549,37,1000,'3 часа',6950,68500,73500,42200,33450,9950,20200,21450,45200,36450,NULL,NULL,NULL,NULL,NULL,NULL,NULL,NULL,NULL,NULL,NULL,NULL,NULL,NULL,NULL,NULL,NULL,NULL,NULL,NULL,NULL,NULL,NULL,NULL,NULL,NULL,NULL,NULL,NULL,NULL,NULL,NULL,NULL,NULL,NULL,NULL,NULL,NULL,NULL,NULL,NULL,NULL,NULL,NULL,NULL,NULL,NULL,NULL,NULL,NULL,NULL,NULL,NULL,NULL,NULL,NULL,NULL,NULL,NULL,NULL,NULL,NULL,NULL,NULL,NULL,NULL,NULL,NULL,NULL,NULL,NULL,NULL,NULL,NULL,NULL,NULL,NULL,NULL,NULL,NULL,NULL,NULL,NULL,NULL,NULL,NULL,NULL,NULL,NULL,NULL),(550,37,50,'1 день',788,497.75,1386,2621,2166,944,1477,1542,2777,2322,NULL,NULL,NULL,NULL,NULL,NULL,NULL,NULL,NULL,NULL,NULL,NULL,NULL,NULL,NULL,NULL,NULL,NULL,NULL,NULL,NULL,NULL,NULL,NULL,NULL,NULL,NULL,NULL,NULL,NULL,NULL,NULL,NULL,NULL,NULL,NULL,NULL,NULL,NULL,NULL,NULL,NULL,NULL,NULL,NULL,NULL,NULL,NULL,NULL,NULL,NULL,NULL,NULL,NULL,NULL,NULL,NULL,NULL,NULL,NULL,NULL,NULL,NULL,NULL,NULL,NULL,NULL,NULL,NULL,NULL,NULL,NULL,NULL,NULL,NULL,NULL,NULL,NULL,NULL,NULL,NULL,NULL,NULL,NULL,NULL,NULL,NULL,NULL,NULL,NULL),(551,37,100,'1 день',1100,1062.5,2250,4625,3750,1400,2425,2550,4925,4050,NULL,NULL,NULL,NULL,NULL,NULL,NULL,NULL,NULL,NULL,NULL,NULL,NULL,NULL,NULL,NULL,NULL,NULL,NULL,NULL,NULL,NULL,NULL,NULL,NULL,NULL,NULL,NULL,NULL,NULL,NULL,NULL,NULL,NULL,NULL,NULL,NULL,NULL,NULL,NULL,NULL,NULL,NULL,NULL,NULL,NULL,NULL,NULL,NULL,NULL,NULL,NULL,NULL,NULL,NULL,NULL,NULL,NULL,NULL,NULL,NULL,NULL,NULL,NULL,NULL,NULL,NULL,NULL,NULL,NULL,NULL,NULL,NULL,NULL,NULL,NULL,NULL,NULL,NULL,NULL,NULL,NULL,NULL,NULL,NULL,NULL,NULL,NULL,NULL,NULL),(552,37,200,'1 день',1750,3800,4050,8800,7050,2350,4400,4650,9400,7650,NULL,NULL,NULL,NULL,NULL,NULL,NULL,NULL,NULL,NULL,NULL,NULL,NULL,NULL,NULL,NULL,NULL,NULL,NULL,NULL,NULL,NULL,NULL,NULL,NULL,NULL,NULL,NULL,NULL,NULL,NULL,NULL,NULL,NULL,NULL,NULL,NULL,NULL,NULL,NULL,NULL,NULL,NULL,NULL,NULL,NULL,NULL,NULL,NULL,NULL,NULL,NULL,NULL,NULL,NULL,NULL,NULL,NULL,NULL,NULL,NULL,NULL,NULL,NULL,NULL,NULL,NULL,NULL,NULL,NULL,NULL,NULL,NULL,NULL,NULL,NULL,NULL,NULL,NULL,NULL,NULL,NULL,NULL,NULL,NULL,NULL,NULL,NULL,NULL,NULL),(553,37,300,'1 день',2400,5700,5850,12975,10350,3300,6375,6750,13875,11250,NULL,NULL,NULL,NULL,NULL,NULL,NULL,NULL,NULL,NULL,NULL,NULL,NULL,NULL,NULL,NULL,NULL,NULL,NULL,NULL,NULL,NULL,NULL,NULL,NULL,NULL,NULL,NULL,NULL,NULL,NULL,NULL,NULL,NULL,NULL,NULL,NULL,NULL,NULL,NULL,NULL,NULL,NULL,NULL,NULL,NULL,NULL,NULL,NULL,NULL,NULL,NULL,NULL,NULL,NULL,NULL,NULL,NULL,NULL,NULL,NULL,NULL,NULL,NULL,NULL,NULL,NULL,NULL,NULL,NULL,NULL,NULL,NULL,NULL,NULL,NULL,NULL,NULL,NULL,NULL,NULL,NULL,NULL,NULL,NULL,NULL,NULL,NULL,NULL,NULL),(554,37,400,'1 день',3050,14300,7650,17150,13650,4250,8350,8850,18350,14850,NULL,NULL,NULL,NULL,NULL,NULL,NULL,NULL,NULL,NULL,NULL,NULL,NULL,NULL,NULL,NULL,NULL,NULL,NULL,NULL,NULL,NULL,NULL,NULL,NULL,NULL,NULL,NULL,NULL,NULL,NULL,NULL,NULL,NULL,NULL,NULL,NULL,NULL,NULL,NULL,NULL,NULL,NULL,NULL,NULL,NULL,NULL,NULL,NULL,NULL,NULL,NULL,NULL,NULL,NULL,NULL,NULL,NULL,NULL,NULL,NULL,NULL,NULL,NULL,NULL,NULL,NULL,NULL,NULL,NULL,NULL,NULL,NULL,NULL,NULL,NULL,NULL,NULL,NULL,NULL,NULL,NULL,NULL,NULL,NULL,NULL,NULL,NULL,NULL,NULL),(555,37,500,'1 день',3700,17875,9450,21325,16950,5200,10325,10950,22825,18450,NULL,NULL,NULL,NULL,NULL,NULL,NULL,NULL,NULL,NULL,NULL,NULL,NULL,NULL,NULL,NULL,NULL,NULL,NULL,NULL,NULL,NULL,NULL,NULL,NULL,NULL,NULL,NULL,NULL,NULL,NULL,NULL,NULL,NULL,NULL,NULL,NULL,NULL,NULL,NULL,NULL,NULL,NULL,NULL,NULL,NULL,NULL,NULL,NULL,NULL,NULL,NULL,NULL,NULL,NULL,NULL,NULL,NULL,NULL,NULL,NULL,NULL,NULL,NULL,NULL,NULL,NULL,NULL,NULL,NULL,NULL,NULL,NULL,NULL,NULL,NULL,NULL,NULL,NULL,NULL,NULL,NULL,NULL,NULL,NULL,NULL,NULL,NULL,NULL,NULL),(556,37,1000,'1 день',5556,68500,18450,42200,33450,6556,20200,21450,45200,36450,NULL,NULL,NULL,NULL,NULL,NULL,NULL,NULL,NULL,NULL,NULL,NULL,NULL,NULL,NULL,NULL,NULL,NULL,NULL,NULL,NULL,NULL,NULL,NULL,NULL,NULL,NULL,NULL,NULL,NULL,NULL,NULL,NULL,NULL,NULL,NULL,NULL,NULL,NULL,NULL,NULL,NULL,NULL,NULL,NULL,NULL,NULL,NULL,NULL,NULL,NULL,NULL,NULL,NULL,NULL,NULL,NULL,NULL,NULL,NULL,NULL,NULL,NULL,NULL,NULL,NULL,NULL,NULL,NULL,NULL,NULL,NULL,NULL,NULL,NULL,NULL,NULL,NULL,NULL,NULL,NULL,NULL,NULL,NULL,NULL,NULL,NULL,NULL,NULL,NULL);
/*!40000 ALTER TABLE `old_prices` ENABLE KEYS */;
UNLOCK TABLES;

--
-- Table structure for table `old_product_groups`
--

DROP TABLE IF EXISTS `old_product_groups`;
/*!40101 SET @saved_cs_client     = @@character_set_client */;
/*!40101 SET character_set_client = utf8 */;
CREATE TABLE `old_product_groups` (
  `id` int(11) NOT NULL AUTO_INCREMENT,
  `name` varchar(255) DEFAULT NULL,
  PRIMARY KEY (`id`)
) ENGINE=InnoDB AUTO_INCREMENT=2 DEFAULT CHARSET=utf8;
/*!40101 SET character_set_client = @saved_cs_client */;

--
-- Dumping data for table `old_product_groups`
--

LOCK TABLES `old_product_groups` WRITE;
/*!40000 ALTER TABLE `old_product_groups` DISABLE KEYS */;
INSERT INTO `old_product_groups` VALUES (1,'99yuhi');
/*!40000 ALTER TABLE `old_product_groups` ENABLE KEYS */;
UNLOCK TABLES;

--
-- Table structure for table `old_products`
--

DROP TABLE IF EXISTS `old_products`;
/*!40101 SET @saved_cs_client     = @@character_set_client */;
/*!40101 SET character_set_client = utf8 */;
CREATE TABLE `old_products` (
  `id` int(11) NOT NULL AUTO_INCREMENT,
  `name` varchar(255) CHARACTER SET latin1 DEFAULT NULL,
  `descr` text,
  `width` int(11) DEFAULT '0',
  `height` int(11) DEFAULT '0',
  `cut` int(11) DEFAULT '0',
  `isround` enum('false','full','top') NOT NULL DEFAULT 'false',
  `folds` text,
  `resolution` int(11) DEFAULT '300',
  `visible` tinyint(1) DEFAULT '1',
  `minprice` int(11) DEFAULT NULL,
  `rawbg` varchar(255) DEFAULT NULL,
  `rawbgcoords` varchar(255) DEFAULT '{"top":0, "left":0, "bottom":0,"right":0}',
  `maxpages` int(11) DEFAULT '2',
  `link` int(11) DEFAULT '0',
  `seotitle` varchar(255) DEFAULT NULL,
  `seoh1` varchar(255) DEFAULT NULL,
  `seodescr` varchar(255) DEFAULT NULL,
  `seokeywords` varchar(255) DEFAULT NULL,
  `seolink` varchar(255) DEFAULT NULL,
  `product_group_id` int(11) DEFAULT NULL,
  PRIMARY KEY (`id`)
) ENGINE=InnoDB AUTO_INCREMENT=39 DEFAULT CHARSET=utf8;
/*!40101 SET character_set_client = @saved_cs_client */;

--
-- Dumping data for table `old_products`
--

LOCK TABLES `old_products` WRITE;
/*!40000 ALTER TABLE `old_products` DISABLE KEYS */;
INSERT INTO `old_products` VALUES (1,'card_h','Визитные карточки 90 на 50',90,50,2,'false','',300,1,NULL,'','{\"top\":0, \"left\":0, \"bottom\":0,\"right\":0}',2,0,'','','','','',NULL),(2,'card_v','Вертикальные визитки',50,90,2,'false',NULL,300,1,NULL,NULL,'{\"top\":0, \"left\":0, \"bottom\":0,\"right\":0}',2,0,'','','','','',NULL),(3,'flyer_a_h','Флаер горизонтальный A4...A7',297,210,3,'false',NULL,300,1,NULL,NULL,'{\"top\":0, \"left\":0, \"bottom\":0,\"right\":0}',2,0,NULL,NULL,NULL,NULL,NULL,NULL),(4,'flyer_a_v','Флаер вертикальный A4...A7',210,297,2,'false',NULL,300,1,NULL,NULL,'{\"top\":0, \"left\":0, \"bottom\":0,\"right\":0}',2,0,NULL,NULL,NULL,NULL,NULL,NULL),(5,'flyer_euro_v','Вертикальный флаер Евро',99,210,2,'false',NULL,300,1,NULL,NULL,'{\"top\":0, \"left\":0, \"bottom\":0,\"right\":0}',2,0,NULL,NULL,NULL,NULL,NULL,NULL),(6,'booklet_a4_3folds','Буклет A4/3',297,210,2,'false','{\"hor\":[99,198]}',300,1,NULL,NULL,'{\"top\":0, \"left\":0, \"bottom\":0,\"right\":0}',2,0,NULL,NULL,NULL,NULL,NULL,NULL),(7,'calendar_100_70','Календарик 100 на 70',100,70,2,'false',NULL,300,1,NULL,NULL,'{\"top\":0, \"left\":0, \"bottom\":0,\"right\":0}',2,0,NULL,NULL,NULL,NULL,NULL,NULL),(8,'leaflet_a_h','Горизонтальная листовка  A4...A7',297,210,2,'false','',300,1,NULL,NULL,'{\"top\":0, \"left\":0, \"bottom\":0,\"right\":0}',2,3,NULL,NULL,NULL,NULL,NULL,NULL),(9,'leaflet_a_v','Вертикальная листовка  A4...A7',210,297,2,'false','',300,1,NULL,NULL,'{\"top\":0, \"left\":0, \"bottom\":0,\"right\":0}',2,4,NULL,NULL,NULL,NULL,NULL,NULL),(10,'leaflet_euro_v','Вертикальная листовка Евро',99,210,2,'false',NULL,300,1,NULL,NULL,'{\"top\":0, \"left\":0, \"bottom\":0,\"right\":0}',2,5,NULL,NULL,NULL,NULL,NULL,NULL),(11,'flyer_sqr','Флаер квадратный 120x120',120,120,2,'false','',300,1,NULL,NULL,'{\"top\":0, \"left\":0, \"bottom\":0,\"right\":0}',2,0,NULL,NULL,NULL,NULL,NULL,NULL),(12,'card_h_m','Визитные карточки (фольга)',90,50,2,'false',NULL,300,1,NULL,NULL,'{\"top\":0, \"left\":0, \"bottom\":0,\"right\":0}',2,0,NULL,NULL,NULL,NULL,NULL,NULL),(14,'banner_1_05','Горизонтальный баннер 2x1',1000,500,10,'false',NULL,100,1,NULL,NULL,'{\"top\":0, \"left\":0, \"bottom\":0,\"right\":0}',1,0,NULL,NULL,NULL,NULL,NULL,NULL),(15,'sign_50_50','Табличка 50x50',500,500,5,'false','',100,1,NULL,NULL,'{\"top\":0, \"left\":0, \"bottom\":0,\"right\":0}',1,0,'1','2','3','4','sign',NULL),(16,'photobook_21','Фотокнига 21x21 см',210,210,5,'false','',300,1,NULL,NULL,'{\"top\":0, \"left\":0, \"bottom\":0,\"right\":0}',40,0,NULL,NULL,NULL,NULL,NULL,NULL),(18,'tshort','Футболки',800,800,0,'false',NULL,300,1,NULL,'images/bgs/tshirt.jpg','{\"top\":150, \"left\":255, \"bottom\":240,\"right\":255}',2,0,NULL,NULL,NULL,NULL,NULL,NULL),(19,'magnet_5_5','Магнит квадратный',50,50,0,'false','',300,1,NULL,NULL,'{\"top\":0, \"left\":0, \"bottom\":0,\"right\":0}',1,0,NULL,NULL,NULL,NULL,NULL,NULL),(20,'magnet_5_5_r','Магнит круглый ',50,50,2,'full','',300,1,NULL,NULL,'{\"top\":0, \"left\":0, \"bottom\":0,\"right\":0}',1,0,NULL,NULL,NULL,NULL,NULL,NULL),(21,'sticker_5_5','Наклейка квадратная 5x5',50,50,2,'false',NULL,300,1,NULL,NULL,'{\"top\":0, \"left\":0, \"bottom\":0,\"right\":0}',1,0,NULL,NULL,NULL,NULL,NULL,NULL),(22,'sticker_5_5_r','Наклейка круглая 5x5 см',50,50,2,'full',NULL,300,1,NULL,NULL,'{\"top\":0, \"left\":0, \"bottom\":0,\"right\":0}',1,0,NULL,NULL,NULL,NULL,NULL,NULL),(23,'sticker_a_h','Наклейка горизонтальная A3...A7',297,210,2,'false',NULL,300,1,NULL,NULL,'{\"top\":0, \"left\":0, \"bottom\":0,\"right\":0}',2,3,NULL,NULL,NULL,NULL,NULL,NULL),(24,'sticker_a_v','Наклейка вертикальная A3...A7',210,297,2,'false',NULL,300,1,NULL,NULL,'{\"top\":0, \"left\":0, \"bottom\":0,\"right\":0}',2,4,NULL,NULL,NULL,NULL,NULL,NULL),(25,'tag_70_20_h','Бирка горизонтальная 70x20 мм',70,20,0,'false','{\"hor\":[10,60]}',300,0,NULL,NULL,'{\"top\":0, \"left\":0, \"bottom\":0,\"right\":0}',2,0,NULL,NULL,NULL,NULL,NULL,NULL),(26,'tag_30_70_mats','Бирка-состав 30x70 мм',30,70,0,'false','{\"ver\":[10,60]}',300,0,NULL,NULL,'{\"top\":0, \"left\":0, \"bottom\":0,\"right\":0}',2,0,NULL,NULL,NULL,NULL,NULL,NULL),(28,'tag_70_20_v','Бирка вертикальная 70x20 мм ',20,70,0,'false','{\"ver\":[10,35]}',300,0,NULL,NULL,'{\"top\":0, \"left\":0, \"bottom\":0,\"right\":0}',2,0,NULL,NULL,NULL,NULL,NULL,NULL),(29,'flyer_190_90','Авто-листовка',190,100,3,'false','',300,1,NULL,NULL,'{\"top\":0, \"left\":0, \"bottom\":0,\"right\":0}',2,0,NULL,NULL,NULL,NULL,NULL,NULL),(30,'cup','Кружка',205,95,27,'false','',300,1,NULL,'images/bgs/cup.jpg','{\"top\":27, \"left\":27, \"bottom\":27,\"right\":27}',1,0,'','','','','',NULL),(31,'calendar_mini','Календарь мини',297,210,2,'false','',300,1,NULL,'','{\"top\":0, \"left\":0, \"bottom\":0,\"right\":0}',2,0,'','','','','',NULL),(32,'calendar_midi','Календарь миди',335,297,2,'false','',300,1,NULL,NULL,'{\"top\":0, \"left\":0, \"bottom\":0,\"right\":0}',2,0,NULL,NULL,NULL,NULL,NULL,NULL),(33,'calendar_maxi','Календарь макси',370,250,2,'false','',300,1,NULL,NULL,'{\"top\":0, \"left\":0, \"bottom\":0,\"right\":0}',2,0,NULL,NULL,NULL,NULL,NULL,NULL),(35,'postcard_140_95_h','Открытки горизонтальные',140,95,2,'false',NULL,300,1,NULL,NULL,'{\"top\":0, \"left\":0, \"bottom\":0,\"right\":0}',2,0,NULL,NULL,NULL,NULL,NULL,NULL),(36,'postcard_140_95_v','Открытки вертикальные',95,140,2,'false',NULL,300,1,NULL,NULL,'{\"top\":0, \"left\":0, \"bottom\":0,\"right\":0}',2,0,NULL,NULL,NULL,NULL,NULL,NULL),(37,'postcard_210_100_h','Евро-открытка горизонтальная',210,100,2,'false','',300,1,NULL,NULL,'{\"top\":0, \"left\":0, \"bottom\":0,\"right\":0}',2,0,NULL,NULL,NULL,NULL,NULL,NULL),(38,'postcard_210_100_v','Евро-открытка вертикальная',101,210,2,'false','',300,1,NULL,'','{\"top\":0, \"left\":0, \"bottom\":0,\"right\":0}',2,0,'','','','','',NULL);
/*!40000 ALTER TABLE `old_products` ENABLE KEYS */;
UNLOCK TABLES;

--
-- Table structure for table `old_template_groups`
--

DROP TABLE IF EXISTS `old_template_groups`;
/*!40101 SET @saved_cs_client     = @@character_set_client */;
/*!40101 SET character_set_client = utf8 */;
CREATE TABLE `old_template_groups` (
  `id` int(11) NOT NULL AUTO_INCREMENT,
  `name` varchar(255) DEFAULT NULL,
  PRIMARY KEY (`id`)
) ENGINE=InnoDB AUTO_INCREMENT=11 DEFAULT CHARSET=utf8;
/*!40101 SET character_set_client = @saved_cs_client */;

--
-- Dumping data for table `old_template_groups`
--

LOCK TABLES `old_template_groups` WRITE;
/*!40000 ALTER TABLE `old_template_groups` DISABLE KEYS */;
INSERT INTO `old_template_groups` VALUES (1,'Популярные'),(2,'Классика'),(3,'Путешествия'),(4,'Государство'),(5,'Кафе и рестораны'),(6,'Особые'),(7,'Без ФИО'),(8,'Малый бизнес'),(9,'Дизайн'),(10,'Мода');
/*!40000 ALTER TABLE `old_template_groups` ENABLE KEYS */;
UNLOCK TABLES;

--
-- Table structure for table `old_templates`
--

DROP TABLE IF EXISTS `old_templates`;
/*!40101 SET @saved_cs_client     = @@character_set_client */;
/*!40101 SET character_set_client = utf8 */;
CREATE TABLE `old_templates` (
  `id` int(11) NOT NULL AUTO_INCREMENT,
  `product_id` int(11) DEFAULT NULL,
  `surl` varchar(255) CHARACTER SET latin1 DEFAULT NULL,
  `filedir` varchar(255) DEFAULT NULL,
  `template_group_id` int(11) DEFAULT NULL,
  `visible` tinyint(1) DEFAULT '1',
  `unixtime` int(11) DEFAULT NULL,
  `pages` int(11) DEFAULT '0',
  `checked` tinyint(1) DEFAULT NULL,
  `repoid` int(11) DEFAULT '0',
  PRIMARY KEY (`id`),
  UNIQUE KEY `UNIQUE` (`filedir`)
) ENGINE=InnoDB AUTO_INCREMENT=410 DEFAULT CHARSET=utf8;
/*!40101 SET character_set_client = @saved_cs_client */;

--
-- Dumping data for table `old_templates`
--

LOCK TABLES `old_templates` WRITE;
/*!40000 ALTER TABLE `old_templates` DISABLE KEYS */;
INSERT INTO `old_templates` VALUES (1,5,'thumb.png',NULL,NULL,1,NULL,0,NULL,1),(2,2,'thumb.png','1000591492',1,1,1543561438,1,1,2),(3,4,'thumb.png','1062995393',1,1,1543561413,1,1,3),(4,2,'thumb.png','1070107788',1,1,1543561388,1,1,4),(5,3,'thumb.png','1087061605',1,1,1543561364,1,1,5),(6,1,'thumb.png','1099752475',4,1,1543561340,1,1,6),(7,5,'thumb.png','1112215632',1,1,1543561316,1,1,7),(8,1,'thumb.png','111587663',4,1,1542916783,2,1,8),(9,4,'thumb.png','1118756076',1,1,1543561260,1,1,9),(10,4,'thumb.png','1126936188',1,1,1543560916,1,1,10),(11,1,'thumb.png','1130623393',2,1,1543560891,1,1,11),(12,1,'thumb.png','1140643419',1,1,1543560867,1,1,12),(13,4,'thumb.png','1163005244',1,1,1550868331,1,1,13),(14,1,'thumb.png','1190124758',7,1,1543532050,1,1,14),(15,1,'thumb.png','1203215284',2,1,1543532024,1,1,15),(16,1,'thumb.png','1212775494',2,1,1543531998,1,1,16),(17,1,'thumb.png','1224386849',8,1,1543531973,1,1,17),(18,3,'thumb.png','1261724747',1,1,1543690042,1,1,18),(19,4,'thumb.png','1317369205',1,1,1543531913,1,1,19),(20,1,'thumb.png','134254414',7,1,1543531888,2,1,20),(21,1,'thumb.png','1363948449',1,1,1543531862,1,1,21),(22,2,'thumb.png','1368167859',1,1,1543531836,1,1,22),(23,1,'thumb.png','1368952739',2,1,1543531809,2,1,23),(24,1,'thumb.png','1376702',1,1,1543531783,1,1,24),(25,1,'thumb.png','1381404366',9,1,1543531756,1,1,25),(26,1,'thumb.png','1388379017',1,1,1543531731,2,1,26),(27,1,'thumb.png','1395367431',9,1,1543531705,1,1,27),(28,1,'thumb.png','1401455062',1,1,1551380514,1,1,28),(29,4,'thumb.png','1406889041',1,1,1543531653,1,1,29),(30,1,'thumb.png','1429386262',7,1,1543531626,2,1,30),(31,1,'thumb.png','1429718316',8,1,1543531600,1,1,31),(32,1,'thumb.png','144583373',4,1,1543531572,1,1,32),(33,3,'thumb.png','1459385889',1,1,1543531469,1,1,33),(34,1,'thumb.png','1491581664',7,1,1543531443,1,1,34),(35,1,'thumb.png','1539582805',1,1,1543531417,1,1,35),(36,1,'thumb.png','1507258800',2,0,1549104359,1,1,36),(37,1,'thumb.png','1559135341',7,1,1543531365,1,1,37),(38,1,'thumb.png','1601701065',2,1,1543531338,2,1,38),(39,4,'thumb.png','1584078012',1,1,1543531309,1,1,39),(42,2,'thumb.png','1648745834',1,1,1543531283,1,1,42),(43,4,'thumb.png','1662938961',1,1,1543531256,1,1,43),(44,4,'thumb.png','1669242944',1,1,1543531229,1,1,44),(45,1,'thumb.png','1676663021',1,1,1543531201,2,1,45),(46,2,'thumb.png','1692993259',1,1,1543531174,1,1,46),(47,3,'thumb.png','1693199605',1,1,1543531147,1,1,47),(48,5,'thumb.png','1729921732',1,1,1543531121,1,1,48),(49,7,'thumb.png','1739879172',1,1,1543531094,2,1,49),(50,1,'thumb.png','1744871848',1,1,1543531064,2,1,50),(51,4,'thumb.png','1818486927',1,1,1543531037,1,1,51),(52,2,'thumb.png','1820969368',1,1,1543531010,2,1,52),(53,2,'thumb.png','1890718327',1,1,1543530984,1,1,53),(54,1,'thumb.png','190211660',2,1,1543530957,2,1,54),(55,3,'thumb.png','1909848955',1,1,1543530931,1,1,55),(56,4,'thumb.png','1946784883',1,1,1543530904,1,1,56),(57,4,'thumb.png','1988645878',1,1,1543530875,1,1,57),(58,5,'thumb.png','2006779930',1,1,1543530848,1,1,58),(59,2,'thumb.png','2008650985',1,1,1543530822,1,1,59),(60,1,'thumb.png','2013458711',9,1,1543530796,1,1,60),(61,1,'thumb.png','2026386317',7,1,1543530771,1,1,61),(62,1,'thumb.png','2051068397',7,1,1544612903,1,1,62),(63,2,'thumb.png','207241736',1,1,1549236577,2,1,63),(64,1,'thumb.png','2077554949',7,1,1543740889,1,1,64),(65,2,'thumb.png','2104844330',1,1,1543530664,1,1,65),(66,1,'thumb.png','2128393532',2,1,1543530637,2,1,66),(67,1,'thumb.png','213363950',2,1,1543530611,1,1,67),(68,2,'thumb.png','2134364489',1,1,1543530585,1,1,68),(69,1,'thumb.png','2135638425',2,1,1543530560,2,1,69),(70,4,'thumb.png','219382432',1,1,1543530533,1,1,70),(71,4,'thumb.png','237571140',1,1,1543530507,1,1,71),(72,5,'thumb.png','255926616',1,1,1543530481,1,1,72),(73,1,'thumb.png','265192977',3,1,1543530454,2,1,73),(74,4,'thumb.png','314975764',1,1,1543530429,1,1,74),(75,1,'thumb.png','317884453',7,1,1543530400,1,1,75),(76,1,'thumb.png','322795255',1,1,1543530374,4,1,76),(77,1,'thumb.png','345412185',3,1,1543530348,3,1,77),(78,1,'thumb.png','350960016',7,1,1543530321,2,1,78),(79,1,'thumb.png','361178000',4,1,1543530295,2,1,79),(80,3,'thumb.png','395679915',1,1,1543530269,1,1,80),(81,1,'thumb.png','396716635',3,1,1543530244,2,1,81),(82,1,'thumb.png','401210978',7,1,1543530218,2,1,82),(83,7,'thumb.png','435896211',1,1,1543530189,1,1,83),(84,1,'thumb.png','437180800',2,1,1543530163,2,1,84),(85,1,'thumb.png','441852585',1,1,1543530134,1,1,85),(86,1,'thumb.png','458771246',7,1,1543530107,1,1,86),(87,1,'thumb.png','483509578',9,1,1543530049,2,1,87),(88,3,'thumb.png','496200361',1,1,1543530022,1,1,88),(89,2,'thumb.png','501005006',1,1,1543529994,1,1,89),(90,7,'thumb.png','519954100',1,1,1543529967,1,1,90),(91,3,'thumb.png','526556052',1,1,1543529940,1,1,91),(92,1,'thumb.png','540468279',2,1,1543529914,1,1,92),(93,1,'thumb.png','542242285',9,1,1543529889,1,1,93),(94,7,'thumb.png','598283532',1,1,1543529862,1,1,94),(95,1,'thumb.png','605892498',7,1,1543529837,1,1,95),(96,1,'thumb.png','629398697',2,1,1543529811,1,1,96),(97,4,'thumb.png','742138978',1,1,1543529783,1,1,97),(98,1,'thumb.png','768262432',3,1,1543529758,1,1,98),(99,1,'thumb.png','806023262',2,1,1543529732,2,1,99),(100,3,'thumb.png','839154094',1,1,1543529706,1,1,100),(101,1,'thumb.png','853298121',8,1,1543529670,1,1,101),(102,4,'thumb.png','864567227',1,1,1543529645,1,1,102),(103,1,'thumb.png','868394923',7,1,1543529618,1,1,103),(104,4,'thumb.png','872856848',1,1,1543529591,1,1,104),(105,1,'thumb.png','881757283',1,1,1543529565,1,1,105),(107,1,'thumb.png','1632422420',9,1,1543529539,2,1,107),(108,1,'thumb.png','937511103',7,1,1543529509,1,1,108),(109,7,'thumb.png','955991983',1,1,1543529483,2,1,109),(110,6,'thumb.png','2116203737',1,1,1544255364,2,1,110),(111,6,'thumb.png','193297796',1,1,1549924875,2,1,111),(113,6,'thumb.png','1796898969',1,1,1543529395,1,1,113),(114,6,'thumb.png','436109962',1,1,1543529368,1,1,114),(115,6,'thumb.png','342523500',1,1,1543529340,1,0,115),(116,4,'thumb.png','186444197',1,1,1543529313,1,1,116),(117,5,'thumb.png','1110266032',1,1,1543529223,1,1,117),(118,3,'thumb.png','1294591538',1,1,1543529198,1,1,118),(119,3,'thumb.png','43103426',1,1,1543529172,1,0,119),(120,3,'thumb.png','2080225427',1,1,1543529145,1,1,120),(121,3,'thumb.png','1271417673',1,1,1543529119,1,1,121),(122,3,'thumb.png','1131663161',1,1,1543529092,1,1,122),(123,3,'thumb.png','1341556168',1,1,1543529066,1,1,123),(124,3,'thumb.png','1442670813',1,1,1543529039,1,1,124),(125,13,'thumb.png','1251902164',1,1,1543529013,1,1,125),(126,13,'thumb.png','2122766979',1,1,1543528985,1,1,126),(127,13,'thumb.png','191487829',1,1,1543528954,1,1,127),(128,13,'thumb.png','1506703757',9,1,1543528929,1,1,128),(130,11,'thumb.png','149318970',1,1,1550907472,1,NULL,0),(132,13,'thumb.png','1586587425',1,1,1543528903,1,1,132),(133,15,'thumb.png','2011426218',1,1,1543528877,1,1,133),(134,15,'thumb.png','1710669985',1,1,1543528852,1,1,134),(135,15,'thumb.png','2032945197',1,1,1543528825,1,1,135),(136,15,'thumb.png','1173225580',1,1,1543528800,1,1,136),(137,15,'thumb.png','1145076678',1,1,1543528775,1,1,137),(138,15,'thumb.png','1989143058',1,1,1543528750,1,1,138),(139,14,'thumb.png','592858127',1,1,1543528722,1,1,139),(140,14,'thumb.png','1109896641',1,1,1543528694,1,1,140),(141,14,'thumb.png','640339678',1,1,1543528667,1,1,141),(142,14,'thumb.png','1062336155',1,1,1543528637,1,1,142),(143,14,'thumb.png','346132383',1,1,1543528609,1,1,143),(144,13,'thumb.png','512939635',5,1,1543528583,1,1,144),(145,16,'thumb.png','1928015649',1,1,1543528553,6,1,145),(147,16,'thumb.png','442360835',1,1,1543528515,8,1,147),(150,4,'thumb.png','1969967813',1,1,1543528484,1,1,150),(151,16,'thumb.png','459445907',1,1,1543528452,7,1,151),(152,5,'thumb.png','233584379',1,1,1543528419,1,1,152),(153,5,'thumb.png','1446553938',1,1,1543528392,1,1,153),(154,5,'thumb.png','1486550501',1,1,1543528359,1,1,154),(155,5,'thumb.png','1089123758',1,1,1543528325,1,1,155),(156,5,'thumb.png','615065033',1,1,1543528291,1,1,156),(157,5,'thumb.png','80387465',1,1,1543528256,1,1,157),(158,5,'thumb.png','1017137392',1,1,1543528224,1,1,158),(159,5,'thumb.png','1838508276',1,1,1544393112,1,1,159),(160,5,'thumb.png','1505817205',1,1,1543528151,1,1,160),(161,5,'thumb.png','1227253016',1,1,1544391593,1,1,161),(162,16,'thumb.png','1265844763',1,1,1543528078,12,1,162),(163,16,'thumb.png','8975938',1,0,1543528030,10,0,163),(164,12,'thumb.png','21956377',1,1,1543527995,1,1,164),(165,12,'thumb.png','45688287',1,1,1543527958,1,1,165),(166,12,'thumb.png','1798439072',1,1,1543527926,1,1,166),(167,12,'thumb.png','1659706176',1,0,1543527894,1,1,167),(198,12,'thumb.png','39216200',1,1,1543527860,1,1,198),(199,12,'thumb.png','664909496',1,1,1543527829,1,1,199),(200,18,'thumb.png','23863956',1,1,1543527797,1,1,200),(201,18,'thumb.png','1335489443',1,1,1543527766,1,1,201),(202,18,'thumb.png','890031627',1,1,1543527740,1,1,202),(203,18,'thumb.png','1601846108',1,1,1543527714,1,1,203),(204,18,'thumb.png','1395461582',1,1,1543527689,1,1,204),(205,18,'thumb.png','865053200',1,1,1543527665,1,1,205),(234,18,'thumb.png','371385511',1,1,1543527641,1,1,234),(235,18,'thumb.png','1272436285',1,1,1543527616,1,1,235),(236,18,'thumb.png','1992147028',1,1,1543527593,1,1,236),(237,18,'thumb.png','477378864',1,1,1543527568,1,1,237),(238,4,'thumb.png','141392961',1,1,1543527543,1,1,238),(239,4,'thumb.png','246850824',1,1,1543527518,1,1,239),(240,18,'thumb.png','227056827',1,1,1543527493,1,1,240),(241,18,'thumb.png','1961784757',1,1,1543527468,1,1,241),(244,13,'thumb.png','1602589794',1,1,1543527444,1,1,244),(247,20,'thumb.png','1170850558',1,1,1543527419,1,1,247),(249,20,'thumb.png','390025210',1,1,1543527394,1,1,249),(250,20,'thumb.png','2076675522',1,1,1543527369,1,1,250),(251,21,'thumb.png','619414599',1,1,1543527345,1,1,251),(252,21,'thumb.png','199877943',1,1,1543527321,1,1,252),(253,21,'thumb.png','51808998',1,1,1543527295,1,1,253),(254,21,'thumb.png','1962572540',1,1,1543527267,1,1,254),(255,21,'thumb.png','1611822401',1,1,1543527242,1,1,255),(256,21,'thumb.png','487075634',1,1,1543527213,1,1,256),(257,21,'thumb.png','1067819718',1,1,1543527188,1,1,257),(258,21,'thumb.png','439044496',1,1,1543527154,1,1,258),(259,22,'thumb.png','1708414286',1,1,1543527128,1,1,259),(260,22,'thumb.png','2093115345',1,1,1543527102,1,1,260),(261,22,'thumb.png','164347606',1,1,1543527076,1,1,261),(262,22,'thumb.png','1037466879',1,1,1543527051,1,1,262),(264,22,'thumb.png','275219288',1,1,1543527025,1,1,264),(274,16,'thumb.png','1436013393',1,1,1543526992,5,1,274),(279,26,'thumb.png','2096588306',1,1,1543526964,1,NULL,279),(281,25,'thumb.png','450757516',1,1,1542873266,1,1,281),(282,25,'thumb.png','1431332681',1,1,1542873249,1,1,282),(285,28,'thumb.png','915738419',1,1,1542873231,1,1,285),(287,25,'thumb.png','1230194938',1,1,1542873212,1,NULL,287),(288,25,'thumb.png','39019387',1,1,1542873194,1,NULL,288),(289,28,'thumb.png','344477645',3,1,1542873176,1,NULL,289),(290,26,'thumb.png','1350962189',1,1,1542873158,1,1,290),(291,20,'thumb.png','888400953',1,1,1543597730,1,1,291),(295,1,'thumb.png','1615422911',1,1,1542873120,1,1,295),(296,1,'thumb.png','1932438862',1,1,1542873100,1,1,296),(297,29,'thumb.png','2126028443',1,1,1546455853,1,1,297),(298,4,'thumb.png','1592035462',1,1,1542875157,1,1,298),(299,30,'thumb.png','1788572881',1,1,1543092576,1,1,299),(300,30,'thumb.png','1994846356',1,1,1543092784,1,1,300),(301,30,'thumb.png','808553426',1,1,1543241359,1,1,301),(302,30,'thumb.png','367687086',1,1,1543526925,1,1,302),(303,30,'thumb.png','367540054',1,1,1543526900,1,1,303),(304,30,'thumb.png','401156748',1,1,1543618155,1,1,304),(305,30,'thumb.png','859369826',1,1,1543597586,1,1,305),(311,30,'thumb.png','4592467',1,1,1544131448,1,1,311),(312,33,'thumb.png','388756566',1,1,1544354974,1,1,312),(313,33,'thumb.png','337356584',1,1,1544355133,1,1,313),(314,32,'thumb.png','2009301806',1,1,1544355082,1,1,314),(315,31,'thumb.png','2029908601',1,1,1544355485,1,1,315),(316,5,'thumb.png','337304063',1,1,1544367153,1,1,316),(317,32,'thumb.png','1724154171',1,1,1544367396,1,1,317),(318,19,'thumb.png','966093683',1,1,1544367448,1,1,318),(319,31,'thumb.png','6230672',1,1,1544367506,1,1,319),(320,31,'thumb.png','947638757',1,1,1544391783,1,1,320),(321,33,'thumb.png','1082782677',1,1,1544391883,1,1,321),(322,32,'thumb.png','1442319094',1,1,1544391954,1,1,322),(323,19,'thumb.png','12371934',1,1,1544393080,1,1,323),(324,19,'thumb.png','1719386106',1,1,1544393524,1,1,324),(326,5,'thumb.png','1786627377',1,1,1545518491,1,1,326),(327,35,'thumb.png','1571725252',1,1,1545838685,1,1,327),(328,35,'thumb.png','53385723',1,1,1545837214,1,1,328),(329,35,'thumb.png','1981882942',1,1,1545837520,1,1,329),(330,35,'thumb.png','703530375',1,1,1545839331,1,1,330),(331,35,'thumb.png','1026295739',1,1,1545838782,1,1,331),(332,35,'thumb.png','1055106026',1,1,1545838870,1,1,332),(333,35,'thumb.png','1596540602',1,1,1545839266,1,1,333),(334,35,'thumb.png','1627600047',1,1,1545858018,1,1,334),(335,36,'thumb.png','563493384',1,1,1545857993,1,1,335),(336,36,'thumb.png','1475274180',1,1,1545859071,1,1,336),(337,36,'thumb.png','585438953',1,1,1545856287,1,1,337),(338,36,'thumb.png','358114198',1,1,1545859255,1,1,338),(339,36,'thumb.png','1471175417',1,1,1545859202,1,1,339),(340,36,'thumb.png','467790273',1,1,1545859009,1,1,340),(341,37,'thumb.png','1054369911',1,1,1545948979,1,1,341),(342,38,'thumb.png','1452037345',1,1,1547588489,1,1,342),(343,38,'thumb.png','305720737',1,1,1547588540,1,1,343),(344,38,'thumb.png','1187556159',1,1,1547588748,1,1,344),(345,38,'thumb.png','333692021',1,1,1546885259,1,1,345),(346,38,'thumb.png','1510642253',1,1,1549909115,1,1,346),(347,38,'thumb.png','1041592325',1,1,1546900971,1,1,347),(348,37,'thumb.png','51551128',1,1,1546882726,1,1,348),(349,37,'thumb.png','1591330300',1,1,1546900773,1,1,349),(350,37,'thumb.png','677540785',1,1,1546900755,1,1,350),(351,37,'thumb.png','209293298',1,1,1546900652,1,1,351),(352,37,'thumb.png','1790703939',1,1,1546900596,1,1,352),(353,37,'thumb.png','1743591288',1,1,1546885122,1,1,353),(367,1,'thumb.png','782237883',1,1,1548413911,1,1,367),(368,11,'thumb.png','1542368540',1,1,1548419262,2,1,368),(369,4,'thumb.png','1874896585',1,1,1548543152,1,1,369),(370,1,'thumb.png','1435140110',1,1,1548623124,1,1,370),(371,11,'thumb.png','690260117',1,1,1548836917,1,1,371),(381,11,'thumb.png','1038492148',1,1,1549900357,1,1,0),(382,11,'thumb.png','1769750994',1,1,1549897971,1,1,0),(383,11,'thumb.png','868621253',1,1,1549898764,1,1,0),(384,5,'thumb.png','102025718',1,1,1550266555,1,1,0),(385,11,'thumb.png','1989517211',1,1,1550435285,1,1,0),(386,11,'thumb.png','1501424810',1,1,1550695101,1,1,0),(387,11,'thumb.png','354132241',1,1,1550694920,1,1,0),(388,11,'thumb.png','788987628',1,1,1550694782,1,1,0),(389,11,'thumb.png','672863829',1,1,1550695059,1,1,0),(390,11,'thumb.png','197924244',1,1,1550876686,1,1,0),(391,11,'thumb.png','1319074305',1,1,1550876664,1,1,0),(392,11,'thumb.png','1032682057',1,1,1550876644,1,1,0),(393,5,'thumb.png','815535229',1,1,1551380319,1,1,0),(395,11,'thumb.png','1846223244',1,1,1551377826,1,NULL,0),(396,11,'thumb.png','148707767',1,1,1551377709,1,NULL,0),(397,11,'thumb.png','2091301526',1,1,1551282142,1,NULL,0),(398,11,'thumb.png','1500103025',1,1,1551282035,1,NULL,0),(399,11,'thumb.png','985132374',1,1,1551281938,1,NULL,0),(400,11,'thumb.png','413177673',1,1,1551281913,1,NULL,0),(401,11,'thumb.png','209512271',1,1,1551377857,1,NULL,0),(402,3,'thumb.png','1980423340',1,1,1551807921,1,NULL,0),(403,1,'thumb.png','748138261',1,1,1551952074,1,NULL,0),(404,19,'thumb.png','614594337',1,1,1552109796,1,NULL,0),(405,19,'thumb.png','277067965',1,1,1552110255,1,NULL,0),(406,19,'thumb.png','423794375',1,1,1552110819,1,NULL,0),(407,20,'thumb.png','1264029346',1,1,1552110950,1,NULL,0),(408,20,'thumb.png','6632555',1,1,1552111290,1,NULL,0),(409,20,'thumb.png','1279608259',1,1,1552111426,1,NULL,0);
/*!40000 ALTER TABLE `old_templates` ENABLE KEYS */;
UNLOCK TABLES;
/*!40103 SET TIME_ZONE=@OLD_TIME_ZONE */;

/*!40101 SET SQL_MODE=@OLD_SQL_MODE */;
/*!40014 SET FOREIGN_KEY_CHECKS=@OLD_FOREIGN_KEY_CHECKS */;
/*!40014 SET UNIQUE_CHECKS=@OLD_UNIQUE_CHECKS */;
/*!40101 SET CHARACTER_SET_CLIENT=@OLD_CHARACTER_SET_CLIENT */;
/*!40101 SET CHARACTER_SET_RESULTS=@OLD_CHARACTER_SET_RESULTS */;
/*!40101 SET COLLATION_CONNECTION=@OLD_COLLATION_CONNECTION */;
/*!40111 SET SQL_NOTES=@OLD_SQL_NOTES */;

-- Dump completed on 2020-07-07  0:16:27
